CRAN Package Check Results for Package CIAAWconsensus

Last updated on 2018-11-14 18:47:44 CET.

Flavor Version Tinstall Tcheck Ttotal Status Flags
r-devel-linux-x86_64-debian-clang 1.3 1.63 30.39 32.02 OK
r-devel-linux-x86_64-debian-gcc 1.3 1.19 24.00 25.19 OK
r-devel-linux-x86_64-fedora-clang 1.3 37.92 NOTE
r-devel-linux-x86_64-fedora-gcc 1.3 35.77 NOTE
r-devel-windows-ix86+x86_64 1.3 2.00 56.00 58.00 OK
r-patched-linux-x86_64 1.3 1.46 27.90 29.36 OK
r-patched-solaris-x86 1.3 53.90 NOTE
r-release-linux-x86_64 1.3 1.09 28.27 29.36 OK
r-release-windows-ix86+x86_64 1.3 5.00 41.00 46.00 OK
r-release-osx-x86_64 1.3 NOTE
r-oldrel-windows-ix86+x86_64 1.3 4.00 56.00 60.00 OK
r-oldrel-osx-x86_64 1.3 NOTE

Check Details

Version: 1.3
Check: dependencies in R code
Result: NOTE
    Namespaces in Imports field not imported from:
     ‘Matrix’ ‘stringr’
     All declared Imports should be used.
Flavors: r-devel-linux-x86_64-fedora-clang, r-devel-linux-x86_64-fedora-gcc, r-patched-solaris-x86, r-release-osx-x86_64, r-oldrel-osx-x86_64