CRAN Package Check Results for Package CIAAWconsensus

Last updated on 2018-02-24 20:48:19 CET.

Flavor Version Tinstall Tcheck Ttotal Status Flags
r-devel-linux-x86_64-debian-clang 1.2 0.97 27.54 28.51 OK
r-devel-linux-x86_64-debian-gcc 1.2 1.03 20.96 21.99 OK
r-devel-linux-x86_64-fedora-clang 1.2 35.81 NOTE
r-devel-linux-x86_64-fedora-gcc 1.2 35.56 NOTE
r-devel-windows-ix86+x86_64 1.2 5.00 48.00 53.00 OK
r-patched-linux-x86_64 1.2 0.86 27.35 28.21 OK
r-patched-solaris-x86 1.2 46.00 NOTE
r-release-linux-x86_64 1.2 0.91 27.49 28.40 OK
r-release-windows-ix86+x86_64 1.2 2.00 48.00 50.00 OK
r-release-osx-x86_64 1.2 NOTE
r-oldrel-windows-ix86+x86_64 1.2 2.00 36.00 38.00 OK
r-oldrel-osx-x86_64 1.2 NOTE

Check Details

Version: 1.2
Check: dependencies in R code
Result: NOTE
    Namespaces in Imports field not imported from:
     ‘Matrix’ ‘stringr’
     All declared Imports should be used.
Flavors: r-devel-linux-x86_64-fedora-clang, r-devel-linux-x86_64-fedora-gcc, r-patched-solaris-x86, r-release-osx-x86_64, r-oldrel-osx-x86_64