CRAN Package Check Results for Package CIAAWconsensus

Last updated on 2018-08-22 06:46:40 CEST.

Flavor Version Tinstall Tcheck Ttotal Status Flags
r-devel-linux-x86_64-debian-clang 1.2 1.31 29.46 30.77 OK
r-devel-linux-x86_64-debian-gcc 1.2 1.19 22.73 23.92 OK
r-devel-linux-x86_64-fedora-clang 1.2 37.30 NOTE
r-devel-linux-x86_64-fedora-gcc 1.2 34.56 NOTE
r-devel-windows-ix86+x86_64 1.2 2.00 40.00 42.00 OK
r-patched-linux-x86_64 1.2 1.40 27.12 28.52 OK
r-patched-solaris-x86 1.2 54.70 NOTE
r-release-linux-x86_64 1.2 1.50 26.94 28.44 OK
r-release-windows-ix86+x86_64 1.2 4.00 41.00 45.00 OK
r-release-osx-x86_64 1.2 NOTE
r-oldrel-windows-ix86+x86_64 1.2 3.00 38.00 41.00 OK
r-oldrel-osx-x86_64 1.2 NOTE

Check Details

Version: 1.2
Check: dependencies in R code
Result: NOTE
    Namespaces in Imports field not imported from:
     ‘Matrix’ ‘stringr’
     All declared Imports should be used.
Flavors: r-devel-linux-x86_64-fedora-clang, r-devel-linux-x86_64-fedora-gcc, r-patched-solaris-x86, r-release-osx-x86_64, r-oldrel-osx-x86_64