CRAN Package Check Results for Package CIAAWconsensus

Last updated on 2018-05-23 03:48:12 CEST.

Flavor Version Tinstall Tcheck Ttotal Status Flags
r-devel-linux-x86_64-debian-clang 1.2 1.48 28.23 29.71 OK
r-devel-linux-x86_64-debian-gcc 1.2 1.14 21.80 22.94 OK
r-devel-linux-x86_64-fedora-clang 1.2 36.01 NOTE
r-devel-linux-x86_64-fedora-gcc 1.2 36.67 NOTE
r-devel-windows-ix86+x86_64 1.2 4.00 48.00 52.00 OK
r-patched-linux-x86_64 1.2 1.51 26.94 28.45 OK
r-patched-solaris-x86 1.2 56.10 NOTE
r-release-linux-x86_64 1.2 1.00 26.16 27.16 OK
r-release-windows-ix86+x86_64 1.2 4.00 52.00 56.00 OK
r-release-osx-x86_64 1.2 NOTE
r-oldrel-windows-ix86+x86_64 1.2 4.00 50.00 54.00 OK
r-oldrel-osx-x86_64 1.2 NOTE

Check Details

Version: 1.2
Check: dependencies in R code
Result: NOTE
    Namespaces in Imports field not imported from:
     ‘Matrix’ ‘stringr’
     All declared Imports should be used.
Flavors: r-devel-linux-x86_64-fedora-clang, r-devel-linux-x86_64-fedora-gcc, r-patched-solaris-x86, r-release-osx-x86_64, r-oldrel-osx-x86_64