CRAN Package Check Results for Package CIAAWconsensus

Last updated on 2022-12-07 08:54:17 CET.

Flavor Version Tinstall Tcheck Ttotal Status Flags
r-devel-linux-x86_64-debian-clang 1.3 2.85 36.72 39.57 OK
r-devel-linux-x86_64-debian-gcc 1.3 2.20 28.55 30.75 OK
r-devel-linux-x86_64-fedora-clang 1.3 61.88 NOTE
r-devel-linux-x86_64-fedora-gcc 1.3 57.47 NOTE
r-devel-windows-x86_64 1.3 37.00 71.00 108.00 OK
r-patched-linux-x86_64 1.3 2.84 34.81 37.65 OK
r-release-linux-x86_64 1.3 2.74 34.80 37.54 OK
r-release-macos-arm64 1.3 20.00 NOTE
r-release-macos-x86_64 1.3 27.00 NOTE
r-release-windows-x86_64 1.3 23.00 93.00 116.00 OK
r-oldrel-macos-arm64 1.3 21.00 NOTE
r-oldrel-macos-x86_64 1.3 37.00 NOTE
r-oldrel-windows-ix86+x86_64 1.3 6.00 61.00 67.00 OK

Check Details

Version: 1.3
Check: dependencies in R code
Result: NOTE
    Namespaces in Imports field not imported from:
     ‘Matrix’ ‘stringr’
     All declared Imports should be used.
Flavors: r-devel-linux-x86_64-fedora-clang, r-devel-linux-x86_64-fedora-gcc, r-release-macos-arm64, r-release-macos-x86_64, r-oldrel-macos-arm64, r-oldrel-macos-x86_64