CRAN Package Check Results for Package CIARA

Last updated on 2022-09-24 16:51:42 CEST.

Flavor Version Tinstall Tcheck Ttotal Status Flags
r-devel-linux-x86_64-debian-clang 0.1.0 9.19 124.39 133.58 OK
r-devel-linux-x86_64-debian-gcc 0.1.0 7.41 91.40 98.81 OK
r-devel-linux-x86_64-fedora-clang 0.1.0 168.51 NOTE
r-devel-linux-x86_64-fedora-gcc 0.1.0 166.58 OK
r-devel-windows-x86_64 0.1.0 17.00 156.00 173.00 NOTE
r-patched-linux-x86_64 0.1.0 5.43 114.65 120.08 OK
r-release-linux-x86_64 0.1.0 5.57 114.43 120.00 OK
r-release-macos-arm64 0.1.0 57.00 NOTE
r-release-macos-x86_64 0.1.0 84.00 NOTE
r-release-windows-x86_64 0.1.0 19.00 162.00 181.00 NOTE
r-oldrel-macos-arm64 0.1.0 43.00 NOTE
r-oldrel-macos-x86_64 0.1.0 66.00 NOTE
r-oldrel-windows-ix86+x86_64 0.1.0 21.00 143.00 164.00 NOTE

Check Details

Version: 0.1.0
Check: installed package size
Result: NOTE
     installed size is 8.0Mb
     sub-directories of 1Mb or more:
     doc 5.7Mb
     extdata 2.1Mb
Flavors: r-devel-linux-x86_64-fedora-clang, r-devel-windows-x86_64, r-release-macos-arm64, r-release-macos-x86_64, r-release-windows-x86_64, r-oldrel-macos-arm64, r-oldrel-macos-x86_64, r-oldrel-windows-ix86+x86_64