CRAN Package Check Results for Package CIMTx

Last updated on 2021-03-07 21:48:43 CET.

Flavor Version Tinstall Tcheck Ttotal Status Flags
r-devel-linux-x86_64-debian-clang 0.2.0 6.54 59.68 66.22 OK
r-devel-linux-x86_64-debian-gcc 0.2.0 4.19 44.75 48.94 OK
r-devel-linux-x86_64-fedora-clang 0.2.0 89.65 NOTE
r-devel-linux-x86_64-fedora-gcc 0.2.0 77.96 NOTE
r-devel-windows-ix86+x86_64 0.2.0 14.00 84.00 98.00 OK
r-devel-windows-x86_64-gcc10-UCRT 0.2.0 NOTE
r-patched-linux-x86_64 0.2.0 5.76 57.35 63.11 OK
r-patched-solaris-x86 0.2.0 110.10 NOTE
r-release-linux-x86_64 0.2.0 6.37 57.21 63.58 OK
r-release-macos-x86_64 0.2.0 NOTE
r-release-windows-ix86+x86_64 0.2.0 11.00 64.00 75.00 OK
r-oldrel-macos-x86_64 0.2.0 NOTE
r-oldrel-windows-ix86+x86_64 0.2.0 9.00 55.00 64.00 OK

Check Details

Version: 0.2.0
Check: dependencies in R code
Result: NOTE
    Namespaces in Imports field not imported from:
     ‘class’ ‘dbarts’ ‘gam’ ‘tidyr’ ‘twang’
     All declared Imports should be used.
Flavors: r-devel-linux-x86_64-fedora-clang, r-devel-linux-x86_64-fedora-gcc, r-devel-windows-x86_64-gcc10-UCRT, r-patched-solaris-x86, r-release-macos-x86_64, r-oldrel-macos-x86_64