CRAN Package Check Results for Package CINNA

Last updated on 2018-02-24 11:50:59 CET.

Flavor Version Tinstall Tcheck Ttotal Status Flags
r-devel-linux-x86_64-debian-clang 1.1.3 8.76 115.81 124.57 OK
r-devel-linux-x86_64-debian-gcc 1.1.3 8.51 91.85 100.36 OK
r-devel-linux-x86_64-fedora-clang 1.1.3 155.30 NOTE
r-devel-linux-x86_64-fedora-gcc 1.1.3 162.23 NOTE
r-devel-windows-ix86+x86_64 1.1.3 23.00 164.00 187.00 OK
r-patched-linux-x86_64 1.1.3 7.70 126.13 133.83 OK
r-patched-solaris-x86 1.1.3 225.70 NOTE
r-release-linux-x86_64 1.1.3 6.79 124.35 131.14 OK
r-release-windows-ix86+x86_64 1.1.3 26.00 177.00 203.00 OK
r-release-osx-x86_64 1.1.3 NOTE
r-oldrel-windows-ix86+x86_64 1.1.3 18.00 118.00 136.00 OK
r-oldrel-osx-x86_64 1.1.3 NOTE

Check Details

Version: 1.1.3
Check: dependencies in R code
Result: NOTE
    Namespace in Imports field not imported from: ‘circlize’
     All declared Imports should be used.
Flavors: r-devel-linux-x86_64-fedora-clang, r-devel-linux-x86_64-fedora-gcc, r-patched-solaris-x86, r-release-osx-x86_64, r-oldrel-osx-x86_64