CRAN Package Check Results for Package CINNA

Last updated on 2018-11-14 18:47:44 CET.

Flavor Version Tinstall Tcheck Ttotal Status Flags
r-devel-linux-x86_64-debian-clang 1.1.50 12.12 174.23 186.35 OK
r-devel-linux-x86_64-debian-gcc 1.1.50 11.25 133.67 144.92 OK
r-devel-linux-x86_64-fedora-clang 1.1.50 219.44 NOTE
r-devel-linux-x86_64-fedora-gcc 1.1.50 213.25 NOTE
r-devel-windows-ix86+x86_64 1.1.50 19.00 162.00 181.00 OK
r-patched-linux-x86_64 1.1.50 10.30 142.54 152.84 OK
r-patched-solaris-x86 1.1.50 276.80 NOTE
r-release-linux-x86_64 1.1.50 11.78 141.57 153.35 OK
r-release-windows-ix86+x86_64 1.1.50 37.00 165.00 202.00 OK
r-release-osx-x86_64 1.1.50 NOTE
r-oldrel-windows-ix86+x86_64 1.1.50 31.00 211.00 242.00 OK
r-oldrel-osx-x86_64 1.1.50 NOTE

Check Details

Version: 1.1.50
Check: dependencies in R code
Result: NOTE
    Namespace in Imports field not imported from: ‘circlize’
     All declared Imports should be used.
Flavors: r-devel-linux-x86_64-fedora-clang, r-devel-linux-x86_64-fedora-gcc, r-patched-solaris-x86, r-release-osx-x86_64, r-oldrel-osx-x86_64