CRAN Package Check Results for Package CINNA

Last updated on 2018-05-21 07:46:59 CEST.

Flavor Version Tinstall Tcheck Ttotal Status Flags
r-devel-linux-x86_64-debian-clang 1.1.41 10.63 137.68 148.31 OK
r-devel-linux-x86_64-debian-gcc 1.1.41 9.49 123.30 132.79 OK
r-devel-linux-x86_64-fedora-clang 1.1.41 207.94 NOTE
r-devel-linux-x86_64-fedora-gcc 1.1.41 212.71 NOTE
r-devel-windows-ix86+x86_64 1.1.41 17.00 148.00 165.00 OK
r-patched-linux-x86_64 1.1.41 10.48 140.40 150.88 OK
r-patched-solaris-x86 1.1.41 266.00 NOTE
r-release-linux-x86_64 1.1.41 9.61 133.08 142.69 OK
r-release-windows-ix86+x86_64 1.1.41 17.00 208.00 225.00 OK
r-release-osx-x86_64 1.1.41 NOTE
r-oldrel-windows-ix86+x86_64 1.1.41 18.00 147.00 165.00 OK
r-oldrel-osx-x86_64 1.1.4 NOTE

Check Details

Version: 1.1.41
Check: dependencies in R code
Result: NOTE
    Namespace in Imports field not imported from: ‘circlize’
     All declared Imports should be used.
Flavors: r-devel-linux-x86_64-fedora-clang, r-devel-linux-x86_64-fedora-gcc, r-patched-solaris-x86, r-release-osx-x86_64

Version: 1.1.4
Check: dependencies in R code
Result: NOTE
    Namespace in Imports field not imported from: ‘circlize’
     All declared Imports should be used.
Flavor: r-oldrel-osx-x86_64