CRAN Package Check Results for Package CINNA

Last updated on 2018-08-21 20:46:21 CEST.

Flavor Version Tinstall Tcheck Ttotal Status Flags
r-devel-linux-x86_64-debian-clang 1.1.41 12.23 167.95 180.18 OK
r-devel-linux-x86_64-debian-gcc 1.1.41 10.43 130.70 141.13 OK
r-devel-linux-x86_64-fedora-clang 1.1.41 214.18 NOTE
r-devel-linux-x86_64-fedora-gcc 1.1.41 207.46 NOTE
r-devel-windows-ix86+x86_64 1.1.41 31.00 228.00 259.00 OK
r-patched-linux-x86_64 1.1.41 9.14 141.22 150.36 OK
r-patched-solaris-x86 1.1.41 271.40 NOTE
r-release-linux-x86_64 1.1.41 9.47 140.53 150.00 OK
r-release-windows-ix86+x86_64 1.1.41 28.00 194.00 222.00 OK
r-release-osx-x86_64 1.1.41 NOTE
r-oldrel-windows-ix86+x86_64 1.1.41 18.00 146.00 164.00 OK
r-oldrel-osx-x86_64 1.1.41 NOTE

Check Details

Version: 1.1.41
Check: dependencies in R code
Result: NOTE
    Namespace in Imports field not imported from: ‘circlize’
     All declared Imports should be used.
Flavors: r-devel-linux-x86_64-fedora-clang, r-devel-linux-x86_64-fedora-gcc, r-patched-solaris-x86, r-release-osx-x86_64, r-oldrel-osx-x86_64