CRAN Package Check Results for Package CINNA

Last updated on 2019-02-15 20:46:41 CET.

Flavor Version Tinstall Tcheck Ttotal Status Flags
r-devel-linux-x86_64-debian-clang 1.1.52 11.26 151.32 162.58 OK
r-devel-linux-x86_64-debian-gcc 1.1.52 9.83 116.02 125.85 OK
r-devel-linux-x86_64-fedora-clang 1.1.52 203.24 NOTE
r-devel-linux-x86_64-fedora-gcc 1.1.52 194.26 NOTE
r-devel-windows-ix86+x86_64 1.1.52 37.00 201.00 238.00 OK
r-patched-linux-x86_64 1.1.52 10.29 144.37 154.66 OK
r-patched-solaris-x86 1.1.52 278.30 NOTE
r-release-linux-x86_64 1.1.52 11.68 145.82 157.50 OK
r-release-windows-ix86+x86_64 1.1.52 29.00 147.00 176.00 OK
r-release-osx-x86_64 1.1.52 NOTE
r-oldrel-windows-ix86+x86_64 1.1.52 30.00 241.00 271.00 OK
r-oldrel-osx-x86_64 1.1.52 NOTE

Check Details

Version: 1.1.52
Check: dependencies in R code
Result: NOTE
    Namespace in Imports field not imported from: ‘circlize’
     All declared Imports should be used.
Flavors: r-devel-linux-x86_64-fedora-clang, r-devel-linux-x86_64-fedora-gcc, r-patched-solaris-x86, r-release-osx-x86_64, r-oldrel-osx-x86_64