CRAN Package Check Results for Package CIS.DGLM

Last updated on 2024-06-17 03:49:46 CEST.

Flavor Version Tinstall Tcheck Ttotal Status Flags
r-devel-linux-x86_64-debian-clang 0.1.0 4.66 74.89 79.55 OK
r-devel-linux-x86_64-debian-gcc 0.1.0 3.38 54.18 57.56 OK
r-devel-linux-x86_64-fedora-clang 0.1.0 97.76 NOTE
r-devel-linux-x86_64-fedora-gcc 0.1.0 92.12 NOTE
r-devel-windows-x86_64 0.1.0 6.00 69.00 75.00 OK
r-patched-linux-x86_64 0.1.0 5.00 71.52 76.52 OK
r-release-linux-x86_64 0.1.0 5.35 71.37 76.72 OK
r-release-macos-arm64 0.1.0 26.00 OK
r-release-macos-x86_64 0.1.0 58.00 OK
r-release-windows-x86_64 0.1.0 6.00 70.00 76.00 OK
r-oldrel-macos-arm64 0.1.0 31.00 OK
r-oldrel-macos-x86_64 0.1.0 48.00 OK
r-oldrel-windows-x86_64 0.1.0 8.00 82.00 90.00 OK

Check Details

Version: 0.1.0
Check: dependencies in R code
Result: NOTE Namespace in Imports field not imported from: ‘RColorBrewer’ All declared Imports should be used. Flavors: r-devel-linux-x86_64-fedora-clang, r-devel-linux-x86_64-fedora-gcc