CRAN Package Check Results for Package CKLRT

Last updated on 2022-05-26 16:54:32 CEST.

Flavor Version Tinstall Tcheck Ttotal Status Flags
r-devel-linux-x86_64-debian-clang 0.2.3 59.31 88.45 147.76 NOTE
r-devel-linux-x86_64-debian-gcc 0.2.3 45.37 80.33 125.70 NOTE
r-devel-linux-x86_64-fedora-clang 0.2.3 188.79 NOTE
r-devel-linux-x86_64-fedora-gcc 0.2.3 186.30 NOTE
r-devel-windows-x86_64 0.2.3 46.00 130.00 176.00 NOTE
r-patched-linux-x86_64 0.2.3 47.64 87.04 134.68 NOTE
r-release-linux-x86_64 0.2.3 47.87 88.65 136.52 NOTE
r-release-macos-arm64 0.2.3 48.00 NOTE
r-release-macos-x86_64 0.2.3 66.00 NOTE
r-release-windows-x86_64 0.2.3 47.00 127.00 174.00 NOTE
r-oldrel-macos-arm64 0.2.3 53.00 NOTE
r-oldrel-macos-x86_64 0.2.3 99.00 NOTE
r-oldrel-windows-ix86+x86_64 0.2.3 114.00 153.00 267.00 NOTE

Check Details

Version: 0.2.3
Check: LazyData
Result: NOTE
     'LazyData' is specified without a 'data' directory
Flavors: r-devel-linux-x86_64-debian-clang, r-devel-linux-x86_64-debian-gcc, r-devel-linux-x86_64-fedora-clang, r-devel-linux-x86_64-fedora-gcc, r-devel-windows-x86_64, r-patched-linux-x86_64, r-release-linux-x86_64, r-release-macos-arm64, r-release-macos-x86_64, r-release-windows-x86_64, r-oldrel-macos-arm64, r-oldrel-macos-x86_64, r-oldrel-windows-ix86+x86_64

Version: 0.2.3
Check: installed package size
Result: NOTE
     installed size is 12.2Mb
     sub-directories of 1Mb or more:
     libs 11.9Mb
Flavors: r-devel-linux-x86_64-fedora-clang, r-release-macos-arm64, r-release-macos-x86_64, r-oldrel-macos-arm64, r-oldrel-macos-x86_64