CRAN Package Check Results for Package CLME

Last updated on 2018-02-25 09:50:11 CET.

Flavor Version Tinstall Tcheck Ttotal Status Flags
r-devel-linux-x86_64-debian-clang 2.0-9 6.56 89.06 95.62 OK
r-devel-linux-x86_64-debian-gcc 2.0-9 6.49 69.94 76.43 OK
r-devel-linux-x86_64-fedora-clang 2.0-9 119.51 OK
r-devel-linux-x86_64-fedora-gcc 2.0-9 125.85 OK
r-devel-windows-ix86+x86_64 2.0-9 18.00 124.00 142.00 OK
r-patched-linux-x86_64 2.0-9 5.01 91.08 96.09 OK
r-patched-solaris-x86 2.0-9 171.70 OK
r-release-linux-x86_64 2.0-9 4.28 90.75 95.03 OK
r-release-windows-ix86+x86_64 2.0-9 15.00 130.00 145.00 OK
r-release-osx-x86_64 2.0-9 OK
r-oldrel-windows-ix86+x86_64 2.0-9 9.00 96.00 105.00 OK
r-oldrel-osx-x86_64 2.0-8 ERROR

Check Details

Version: 2.0-8
Check: whether package can be installed
Result: ERROR
    Installation failed.
Flavor: r-oldrel-osx-x86_64