CRAN Package Check Results for Package COMIX

Last updated on 2022-11-28 17:52:52 CET.

Flavor Version Tinstall Tcheck Ttotal Status Flags
r-devel-linux-x86_64-debian-clang 1.0.0 153.28 90.73 244.01 OK
r-devel-linux-x86_64-debian-gcc 1.0.0 129.79 65.79 195.58 OK
r-devel-linux-x86_64-fedora-clang 1.0.0 355.37 OK
r-devel-linux-x86_64-fedora-gcc 1.0.0 362.53 OK
r-devel-windows-x86_64 1.0.0 114.00 162.00 276.00 OK
r-patched-linux-x86_64 1.0.0 139.73 80.78 220.51 OK
r-release-linux-x86_64 1.0.0 143.29 83.32 226.61 OK
r-release-macos-arm64 0.1.6 78.00 NOTE
r-release-macos-x86_64 1.0.0 101.00 NOTE
r-release-windows-x86_64 0.1.6 109.00 106.00 215.00 OK
r-oldrel-macos-arm64 0.1.6 80.00 NOTE
r-oldrel-macos-x86_64 1.0.0 102.00 NOTE
r-oldrel-windows-ix86+x86_64 1.0.0 338.00 162.00 500.00 NOTE

Check Details

Version: 0.1.6
Check: installed package size
Result: NOTE
     installed size is 15.1Mb
     sub-directories of 1Mb or more:
     libs 14.8Mb
Flavors: r-release-macos-arm64, r-oldrel-macos-arm64

Version: 1.0.0
Check: installed package size
Result: NOTE
     installed size is 17.3Mb
     sub-directories of 1Mb or more:
     doc 1.8Mb
     libs 15.3Mb
Flavors: r-release-macos-x86_64, r-oldrel-macos-x86_64, r-oldrel-windows-ix86+x86_64