CRAN Package Check Results for Package CONDOP

Last updated on 2018-11-17 13:47:23 CET.

Flavor Version Tinstall Tcheck Ttotal Status Flags
r-devel-linux-x86_64-debian-clang 1.0 21.64 214.08 235.72 OK
r-devel-linux-x86_64-debian-gcc 1.0 18.78 169.65 188.43 OK
r-devel-linux-x86_64-fedora-clang 1.0 342.87 NOTE
r-devel-linux-x86_64-fedora-gcc 1.0 288.47 OK
r-devel-windows-ix86+x86_64 1.0 41.00 271.00 312.00 NOTE
r-patched-linux-x86_64 1.0 19.88 208.39 228.27 OK
r-patched-solaris-x86 1.0 460.50 NOTE
r-release-linux-x86_64 1.0 21.94 206.59 228.53 OK
r-release-windows-ix86+x86_64 1.0 68.00 314.00 382.00 NOTE
r-release-osx-x86_64 1.0 NOTE
r-oldrel-windows-ix86+x86_64 1.0 47.00 268.00 315.00 NOTE
r-oldrel-osx-x86_64 1.0 NOTE

Check Details

Version: 1.0
Check: installed package size
Result: NOTE
     installed size is 9.4Mb
     sub-directories of 1Mb or more:
     data 6.5Mb
     extdata 2.6Mb
Flavors: r-devel-linux-x86_64-fedora-clang, r-devel-windows-ix86+x86_64, r-patched-solaris-x86, r-release-windows-ix86+x86_64, r-release-osx-x86_64, r-oldrel-windows-ix86+x86_64, r-oldrel-osx-x86_64