CRAN Package Check Results for Package CONDOP

Last updated on 2018-05-23 13:48:25 CEST.

Flavor Version Tinstall Tcheck Ttotal Status Flags
r-devel-linux-x86_64-debian-clang 1.0 21.73 246.86 268.59 OK
r-devel-linux-x86_64-debian-gcc 1.0 0.52 1.33 1.85 ERROR
r-devel-linux-x86_64-fedora-clang 1.0 345.01 NOTE
r-devel-linux-x86_64-fedora-gcc 1.0 341.99 NOTE
r-devel-windows-ix86+x86_64 1.0 41.00 316.00 357.00 NOTE
r-patched-linux-x86_64 1.0 19.55 204.56 224.11 OK
r-patched-solaris-x86 1.0 453.70 NOTE
r-release-linux-x86_64 1.0 21.89 203.64 225.53 OK
r-release-windows-ix86+x86_64 1.0 51.00 278.00 329.00 NOTE
r-release-osx-x86_64 1.0 NOTE
r-oldrel-windows-ix86+x86_64 1.0 60.00 273.00 333.00 NOTE
r-oldrel-osx-x86_64 1.0 NOTE

Check Details

Version: 1.0
Check: package dependencies
Result: ERROR
    Package required but not available: ‘rminer’
    
    See section ‘The DESCRIPTION file’ in the ‘Writing R Extensions’
    manual.
Flavor: r-devel-linux-x86_64-debian-gcc

Version: 1.0
Check: installed package size
Result: NOTE
     installed size is 9.4Mb
     sub-directories of 1Mb or more:
     data 6.5Mb
     extdata 2.6Mb
Flavors: r-devel-linux-x86_64-fedora-clang, r-devel-linux-x86_64-fedora-gcc, r-devel-windows-ix86+x86_64, r-patched-solaris-x86, r-release-windows-ix86+x86_64, r-release-osx-x86_64, r-oldrel-windows-ix86+x86_64, r-oldrel-osx-x86_64