CRAN Package Check Results for Package CONDOP

Last updated on 2018-02-21 22:47:53 CET.

Flavor Version Tinstall Tcheck Ttotal Status Flags
r-devel-linux-x86_64-debian-clang 1.0 21.87 209.03 230.90 OK
r-devel-linux-x86_64-debian-gcc 1.0 20.19 162.04 182.23 OK
r-devel-windows-ix86+x86_64 1.0 38.00 190.00 228.00 NOTE
r-patched-linux-x86_64 1.0 21.88 200.44 222.32 OK
r-patched-solaris-x86 1.0 396.00 NOTE
r-release-linux-x86_64 1.0 22.07 199.38 221.45 OK
r-release-windows-ix86+x86_64 1.0 59.00 266.00 325.00 NOTE
r-release-osx-x86_64 1.0 ERROR
r-oldrel-windows-ix86+x86_64 1.0 40.00 208.00 248.00 NOTE
r-oldrel-osx-x86_64 1.0 NOTE

Check Details

Version: 1.0
Check: installed package size
Result: NOTE
     installed size is 9.4Mb
     sub-directories of 1Mb or more:
     data 6.5Mb
     extdata 2.6Mb
Flavors: r-devel-windows-ix86+x86_64, r-patched-solaris-x86, r-release-windows-ix86+x86_64, r-oldrel-windows-ix86+x86_64, r-oldrel-osx-x86_64

Version: 1.0
Check: package dependencies
Result: ERROR
    Packages required but not available: ‘GenomicRanges’ ‘GenomeInfoDb’
    
    See section ‘The DESCRIPTION file’ in the ‘Writing R Extensions’
    manual.
Flavor: r-release-osx-x86_64