CRAN Package Check Results for Package CONDOP

Last updated on 2018-08-21 10:50:19 CEST.

Flavor Version Tinstall Tcheck Ttotal Status Flags
r-devel-linux-x86_64-debian-clang 1.0 22.55 252.33 274.88 OK
r-devel-linux-x86_64-debian-gcc 1.0 19.02 199.20 218.22 OK
r-devel-linux-x86_64-fedora-clang 1.0 341.84 NOTE
r-devel-linux-x86_64-fedora-gcc 1.0 326.80 OK
r-devel-windows-ix86+x86_64 1.0 49.00 326.00 375.00 NOTE
r-patched-linux-x86_64 1.0 19.58 209.84 229.42 OK
r-patched-solaris-x86 1.0 465.30 NOTE
r-release-linux-x86_64 1.0 19.65 204.97 224.62 OK
r-release-windows-ix86+x86_64 1.0 60.00 219.00 279.00 NOTE
r-release-osx-x86_64 1.0 NOTE
r-oldrel-windows-ix86+x86_64 1.0 32.00 192.00 224.00 NOTE
r-oldrel-osx-x86_64 1.0 NOTE

Check Details

Version: 1.0
Check: installed package size
Result: NOTE
     installed size is 9.4Mb
     sub-directories of 1Mb or more:
     data 6.5Mb
     extdata 2.6Mb
Flavors: r-devel-linux-x86_64-fedora-clang, r-devel-windows-ix86+x86_64, r-patched-solaris-x86, r-release-windows-ix86+x86_64, r-release-osx-x86_64, r-oldrel-windows-ix86+x86_64, r-oldrel-osx-x86_64