CRAN Package Check Results for Package CONDOP

Last updated on 2019-02-17 21:47:28 CET.

Flavor Version Tinstall Tcheck Ttotal Status Flags
r-devel-linux-x86_64-debian-clang 1.0 25.94 211.40 237.34 OK
r-devel-linux-x86_64-debian-gcc 1.0 21.97 166.52 188.49 OK
r-devel-linux-x86_64-fedora-clang 1.0 302.82 NOTE
r-devel-linux-x86_64-fedora-gcc 1.0 290.36 OK
r-devel-windows-ix86+x86_64 1.0 59.00 266.00 325.00 NOTE
r-patched-linux-x86_64 1.0 24.53 201.10 225.63 OK
r-patched-solaris-x86 1.0 4.70 ERROR
r-release-linux-x86_64 1.0 OK
r-release-windows-ix86+x86_64 1.0 45.00 274.00 319.00 NOTE
r-release-osx-x86_64 1.0 NOTE
r-oldrel-windows-ix86+x86_64 1.0 38.00 275.00 313.00 NOTE
r-oldrel-osx-x86_64 1.0 NOTE

Check Details

Version: 1.0
Check: installed package size
Result: NOTE
     installed size is 9.4Mb
     sub-directories of 1Mb or more:
     data 6.5Mb
     extdata 2.6Mb
Flavors: r-devel-linux-x86_64-fedora-clang, r-devel-windows-ix86+x86_64, r-release-windows-ix86+x86_64, r-release-osx-x86_64, r-oldrel-windows-ix86+x86_64, r-oldrel-osx-x86_64

Version: 1.0
Check: package dependencies
Result: ERROR
    Package required but not available: ‘rminer’
    
    See section ‘The DESCRIPTION file’ in the ‘Writing R Extensions’
    manual.
Flavor: r-patched-solaris-x86