CRAN Package Check Results for Package CORElearn

Last updated on 2018-09-24 15:50:06 CEST.

Flavor Version Tinstall Tcheck Ttotal Status Flags
r-devel-linux-x86_64-debian-clang 1.52.1 57.06 43.71 100.77 OK
r-devel-linux-x86_64-debian-gcc 1.52.1 38.58 33.72 72.30 OK
r-devel-linux-x86_64-fedora-clang 1.52.1 129.92 NOTE
r-devel-linux-x86_64-fedora-gcc 1.52.1 109.82 NOTE
r-devel-windows-ix86+x86_64 1.52.1 161.00 102.00 263.00 OK
r-patched-linux-x86_64 1.52.1 46.28 40.33 86.61 OK
r-patched-solaris-x86 1.52.1 165.00 OK
r-release-linux-x86_64 1.52.1 41.53 42.01 83.54 OK
r-release-windows-ix86+x86_64 1.52.1 120.00 97.00 217.00 OK
r-release-osx-x86_64 1.52.1 OK
r-oldrel-windows-ix86+x86_64 1.52.1 117.00 98.00 215.00 OK
r-oldrel-osx-x86_64 1.52.1 OK

Check Details

Version: 1.52.1
Check: use of SHLIB_OPENMP_*FLAGS in Makefiles
Result: NOTE
     src/Makevars: SHLIB_OPENMP_CXXFLAGS is included in PKG_LIBS but not in PKG_CXXFLAGS
     src/Makevars: it is not portable to include SHLIB_OPENMP_*' macros in PKG_CPPFLAGS
    Use of these macros is discussed in sect 1.2.1.1 of ‘Writing R
    Extensions’. The macros for different languages may differ so the
    matching macro must be used in PKG_CXXFLAGS (etc) and match that used
    in PKG_LIBS (except for F77: see the manual).
    PKG_CPPFLAGS is used for both C and C++ code so it is not portable to
    use it for these macros.
Flavors: r-devel-linux-x86_64-fedora-clang, r-devel-linux-x86_64-fedora-gcc