CRAN Package Check Results for Package CPGLIB

Last updated on 2025-01-23 11:50:18 CET.

Flavor Version Tinstall Tcheck Ttotal Status Flags
r-devel-linux-x86_64-debian-clang 1.1.1 86.67 30.99 117.66 NOTE
r-devel-linux-x86_64-debian-gcc 1.1.1 63.25 23.42 86.67 NOTE
r-devel-linux-x86_64-fedora-clang 1.1.1 247.96 NOTE
r-devel-linux-x86_64-fedora-gcc 1.1.1 251.50 NOTE
r-devel-windows-x86_64 1.1.1 102.00 74.00 176.00 NOTE
r-patched-linux-x86_64 1.1.1 86.66 28.92 115.58 OK
r-release-linux-x86_64 1.1.1 89.27 28.92 118.19 OK
r-release-macos-arm64 1.1.1 58.00 NOTE
r-release-macos-x86_64 1.1.1 68.00 NOTE
r-release-windows-x86_64 1.1.1 96.00 77.00 173.00 NOTE
r-oldrel-macos-arm64 1.1.1 66.00 NOTE
r-oldrel-macos-x86_64 1.1.1 122.00 NOTE
r-oldrel-windows-x86_64 1.1.1 113.00 82.00 195.00 NOTE

Check Details

Version: 1.1.1
Check: top-level files
Result: NOTE possible bashism in configure.ac line 36 (should be 'b = a'): if test "$ac_cv_header_stdint_h" == yes; then possible bashism in configure.ac line 50 (should be 'b = a'): if test "$ac_cv_header_inttypes_h" == yes; then Flavors: r-devel-linux-x86_64-debian-clang, r-devel-linux-x86_64-debian-gcc, r-devel-linux-x86_64-fedora-clang, r-devel-linux-x86_64-fedora-gcc

Version: 1.1.1
Check: C++ specification
Result: NOTE Specified C++11: please drop specification unless essential Flavors: r-devel-windows-x86_64, r-release-windows-x86_64, r-oldrel-windows-x86_64

Version: 1.1.1
Check: installed package size
Result: NOTE installed size is 5.2Mb sub-directories of 1Mb or more: libs 5.0Mb Flavors: r-release-macos-arm64, r-release-macos-x86_64, r-oldrel-macos-arm64, r-oldrel-macos-x86_64