CRAN Package Check Results for Package CRANsearcher

Last updated on 2024-02-28 08:54:24 CET.

Flavor Version Tinstall Tcheck Ttotal Status Flags
r-devel-linux-x86_64-debian-clang 1.0.0 6.99 58.72 65.71 OK
r-devel-linux-x86_64-debian-gcc 1.0.0 5.66 45.39 51.05 OK
r-devel-linux-x86_64-fedora-clang 1.0.0 88.03 NOTE
r-devel-linux-x86_64-fedora-gcc 1.0.0 79.25 NOTE
r-devel-windows-x86_64 1.0.0 9.00 62.00 71.00 OK
r-patched-linux-x86_64 1.0.0 8.80 56.95 65.75 OK
r-release-linux-x86_64 1.0.0 7.28 56.95 64.23 OK
r-release-macos-arm64 1.0.0 31.00 OK
r-release-macos-x86_64 1.0.0 43.00 OK
r-release-windows-x86_64 1.0.0 11.00 67.00 78.00 OK
r-oldrel-macos-arm64 1.0.0 34.00 NOTE
r-oldrel-windows-x86_64 1.0.0 11.00 75.00 86.00 OK

Check Details

Version: 1.0.0
Check: data for non-ASCII characters
Result: NOTE Note: found 11 marked Latin-1 strings Note: found 57 marked UTF-8 strings Flavors: r-devel-linux-x86_64-fedora-clang, r-devel-linux-x86_64-fedora-gcc, r-oldrel-macos-arm64