CRAN Package Check Results for Package CRANsearcher

Last updated on 2018-02-25 11:47:53 CET.

Flavor Version Tinstall Tcheck Ttotal Status Flags
r-devel-linux-x86_64-debian-clang 1.0.0 3.54 34.41 37.95 OK
r-devel-linux-x86_64-debian-gcc 1.0.0 3.27 28.29 31.56 OK
r-devel-linux-x86_64-fedora-clang 1.0.0 45.31 NOTE
r-devel-linux-x86_64-fedora-gcc 1.0.0 45.82 NOTE
r-devel-windows-ix86+x86_64 1.0.0 11.00 64.00 75.00 OK
r-patched-linux-x86_64 1.0.0 3.93 33.80 37.73 OK
r-patched-solaris-x86 1.0.0 65.10 NOTE
r-release-linux-x86_64 1.0.0 3.75 34.14 37.89 OK
r-release-windows-ix86+x86_64 1.0.0 10.00 63.00 73.00 OK
r-release-osx-x86_64 1.0.0 NOTE
r-oldrel-windows-ix86+x86_64 1.0.0 8.00 45.00 53.00 OK
r-oldrel-osx-x86_64 1.0.0 NOTE

Check Details

Version: 1.0.0
Check: data for non-ASCII characters
Result: NOTE
     Note: found 11 marked Latin-1 strings
     Note: found 57 marked UTF-8 strings
Flavors: r-devel-linux-x86_64-fedora-clang, r-devel-linux-x86_64-fedora-gcc, r-patched-solaris-x86, r-release-osx-x86_64, r-oldrel-osx-x86_64