CRAN Package Check Results for Package CRANsearcher

Last updated on 2018-08-17 14:47:44 CEST.

Flavor Version Tinstall Tcheck Ttotal Status Flags
r-devel-linux-x86_64-debian-clang 1.0.0 4.86 42.87 47.73 OK
r-devel-linux-x86_64-debian-gcc 1.0.0 4.39 33.46 37.85 OK
r-devel-linux-x86_64-fedora-clang 1.0.0 55.73 NOTE
r-devel-linux-x86_64-fedora-gcc 1.0.0 52.51 NOTE
r-devel-windows-ix86+x86_64 1.0.0 13.00 69.00 82.00 OK
r-patched-linux-x86_64 1.0.0 3.33 35.96 39.29 OK
r-patched-solaris-x86 1.0.0 85.30 NOTE
r-release-linux-x86_64 1.0.0 4.14 35.86 40.00 OK
r-release-windows-ix86+x86_64 1.0.0 10.00 83.00 93.00 OK
r-release-osx-x86_64 1.0.0 NOTE
r-oldrel-windows-ix86+x86_64 1.0.0 10.00 57.00 67.00 OK
r-oldrel-osx-x86_64 1.0.0 NOTE

Check Details

Version: 1.0.0
Check: data for non-ASCII characters
Result: NOTE
     Note: found 11 marked Latin-1 strings
     Note: found 57 marked UTF-8 strings
Flavors: r-devel-linux-x86_64-fedora-clang, r-devel-linux-x86_64-fedora-gcc, r-patched-solaris-x86, r-release-osx-x86_64, r-oldrel-osx-x86_64