CRAN Package Check Results for Package CRANsearcher

Last updated on 2018-10-19 06:47:46 CEST.

Flavor Version Tinstall Tcheck Ttotal Status Flags
r-devel-linux-x86_64-debian-clang 1.0.0 5.28 43.42 48.70 OK
r-devel-linux-x86_64-debian-gcc 1.0.0 4.33 33.86 38.19 OK
r-devel-linux-x86_64-fedora-clang 1.0.0 55.85 NOTE
r-devel-linux-x86_64-fedora-gcc 1.0.0 52.43 NOTE
r-devel-windows-ix86+x86_64 1.0.0 12.00 69.00 81.00 OK
r-patched-linux-x86_64 1.0.0 3.73 35.64 39.37 OK
r-patched-solaris-x86 1.0.0 84.20 NOTE
r-release-linux-x86_64 1.0.0 3.93 35.72 39.65 OK
r-release-windows-ix86+x86_64 1.0.0 11.00 74.00 85.00 OK
r-release-osx-x86_64 1.0.0 NOTE
r-oldrel-windows-ix86+x86_64 1.0.0 6.00 46.00 52.00 OK
r-oldrel-osx-x86_64 1.0.0 NOTE

Check Details

Version: 1.0.0
Check: data for non-ASCII characters
Result: NOTE
     Note: found 11 marked Latin-1 strings
     Note: found 57 marked UTF-8 strings
Flavors: r-devel-linux-x86_64-fedora-clang, r-devel-linux-x86_64-fedora-gcc, r-patched-solaris-x86, r-release-osx-x86_64, r-oldrel-osx-x86_64