CRAN Package Check Results for Package CREAM

Last updated on 2022-05-29 00:50:22 CEST.

Flavor Version Tinstall Tcheck Ttotal Status Flags
r-devel-linux-x86_64-debian-clang 1.1.1 1.95 35.64 37.59 NOTE
r-devel-linux-x86_64-debian-gcc 1.1.1 1.70 27.67 29.37 NOTE
r-devel-linux-x86_64-fedora-clang 1.1.1 45.08 NOTE
r-devel-linux-x86_64-fedora-gcc 1.1.1 46.78 NOTE
r-devel-windows-x86_64 1.1.1 12.00 55.00 67.00 NOTE
r-patched-linux-x86_64 1.1.1 2.48 34.35 36.83 NOTE
r-release-linux-x86_64 1.1.1 2.24 35.12 37.36 NOTE
r-release-macos-arm64 1.1.1 17.00 NOTE
r-release-macos-x86_64 1.1.1 22.00 NOTE
r-release-windows-x86_64 1.1.1 16.00 63.00 79.00 NOTE
r-oldrel-macos-arm64 1.1.1 25.00 NOTE
r-oldrel-macos-x86_64 1.1.1 28.00 NOTE
r-oldrel-windows-ix86+x86_64 1.1.1 6.00 50.00 56.00 NOTE

Check Details

Version: 1.1.1
Check: LazyData
Result: NOTE
     'LazyData' is specified without a 'data' directory
Flavors: r-devel-linux-x86_64-debian-clang, r-devel-linux-x86_64-debian-gcc, r-devel-linux-x86_64-fedora-clang, r-devel-linux-x86_64-fedora-gcc, r-devel-windows-x86_64, r-patched-linux-x86_64, r-release-linux-x86_64, r-release-macos-arm64, r-release-macos-x86_64, r-release-windows-x86_64, r-oldrel-macos-arm64, r-oldrel-macos-x86_64, r-oldrel-windows-ix86+x86_64