CRAN Package Check Results for Package CRF

Last updated on 2018-08-20 09:47:33 CEST.

Flavor Version Tinstall Tcheck Ttotal Status Flags
r-devel-linux-x86_64-debian-clang 0.3-16 17.63 184.67 202.30 OK
r-devel-linux-x86_64-debian-gcc 0.3-16 13.40 145.54 158.94 OK
r-devel-linux-x86_64-fedora-clang 0.3-16 223.59 OK
r-devel-linux-x86_64-fedora-gcc 0.3-16 215.81 OK
r-devel-windows-ix86+x86_64 0.3-16 70.00 354.00 424.00 OK
r-patched-linux-x86_64 0.3-16 16.30 168.88 185.18 OK
r-patched-solaris-x86 0.3-16 355.80 OK
r-release-linux-x86_64 0.3-16 14.73 171.48 186.21 OK
r-release-windows-ix86+x86_64 0.3-16 67.00 343.00 410.00 OK
r-release-osx-x86_64 0.3-16 NOTE
r-oldrel-windows-ix86+x86_64 0.3-16 52.00 264.00 316.00 OK
r-oldrel-osx-x86_64 0.3-16 NOTE

Additional issues

rchk

Check Details

Version: 0.3-16
Check: package dependencies
Result: NOTE
    Package suggested but not available for checking: ‘Rglpk’
Flavors: r-release-osx-x86_64, r-oldrel-osx-x86_64