CRAN Package Check Results for Package CRF

Last updated on 2018-11-21 13:48:21 CET.

Flavor Version Tinstall Tcheck Ttotal Status Flags
r-devel-linux-x86_64-debian-clang 0.3-16 19.67 167.29 186.96 OK
r-devel-linux-x86_64-debian-gcc 0.3-16 12.80 133.99 146.79 OK
r-devel-linux-x86_64-fedora-clang 0.3-16 204.52 OK
r-devel-linux-x86_64-fedora-gcc 0.3-16 199.53 OK
r-devel-windows-ix86+x86_64 0.3-16 64.00 330.00 394.00 OK
r-patched-linux-x86_64 0.3-16 15.03 167.36 182.39 OK
r-patched-solaris-x86 0.3-16 354.90 OK
r-release-linux-x86_64 0.3-16 16.58 165.99 182.57 OK
r-release-windows-ix86+x86_64 0.3-16 50.00 330.00 380.00 OK
r-release-osx-x86_64 0.3-16 NOTE
r-oldrel-windows-ix86+x86_64 0.3-16 70.00 269.00 339.00 OK
r-oldrel-osx-x86_64 0.3-16 NOTE

Additional issues

rchk

Check Details

Version: 0.3-16
Check: package dependencies
Result: NOTE
    Package suggested but not available for checking: ‘Rglpk’
Flavors: r-release-osx-x86_64, r-oldrel-osx-x86_64