CRAN Package Check Results for Package CRF

Last updated on 2018-05-24 06:46:43 CEST.

Flavor Version Tinstall Tcheck Ttotal Status Flags
r-devel-linux-x86_64-debian-clang 0.3-16 17.74 154.09 171.83 OK
r-devel-linux-x86_64-debian-gcc 0.3-16 12.83 136.79 149.62 OK
r-devel-linux-x86_64-fedora-clang 0.3-16 230.26 OK
r-devel-linux-x86_64-fedora-gcc 0.3-16 222.25 OK
r-devel-windows-ix86+x86_64 0.3-16 47.00 377.00 424.00 OK
r-patched-linux-x86_64 0.3-16 15.72 162.35 178.07 OK
r-patched-solaris-x86 0.3-16 354.00 OK
r-release-linux-x86_64 0.3-16 12.29 160.46 172.75 OK
r-release-windows-ix86+x86_64 0.3-16 70.00 328.00 398.00 OK
r-release-osx-x86_64 0.3-16 NOTE
r-oldrel-windows-ix86+x86_64 0.3-16 81.00 241.00 322.00 OK
r-oldrel-osx-x86_64 0.3-14 ERROR

Additional issues

rchk

Check Details

Version: 0.3-16
Check: package dependencies
Result: NOTE
    Package suggested but not available for checking: ‘Rglpk’
Flavor: r-release-osx-x86_64

Version: 0.3-14
Check: package dependencies
Result: ERROR
    Package required but not available: ‘Rglpk’
    
    See section ‘The DESCRIPTION file’ in the ‘Writing R Extensions’
    manual.
Flavor: r-oldrel-osx-x86_64