CRAN Package Check Results for Package CRF

Last updated on 2018-02-24 00:47:32 CET.

Flavor Version Tinstall Tcheck Ttotal Status Flags
r-devel-linux-x86_64-debian-clang 0.3-14 16.35 162.41 178.76 NOTE
r-devel-linux-x86_64-debian-gcc 0.3-14 11.34 126.35 137.69 NOTE
r-devel-linux-x86_64-fedora-clang 0.3-14 202.45 NOTE
r-devel-linux-x86_64-fedora-gcc 0.3-14 206.99 NOTE
r-devel-windows-ix86+x86_64 0.3-14 70.00 339.00 409.00 OK
r-patched-linux-x86_64 0.3-14 13.06 166.18 179.24 NOTE
r-patched-solaris-x86 0.3-14 330.60 OK
r-release-linux-x86_64 0.3-14 12.70 164.87 177.57 NOTE
r-release-windows-ix86+x86_64 0.3-14 80.00 348.00 428.00 OK
r-release-osx-x86_64 0.3-14 ERROR
r-oldrel-windows-ix86+x86_64 0.3-14 50.00 283.00 333.00 OK
r-oldrel-osx-x86_64 0.3-14 OK

Additional issues

rchk

Check Details

Version: 0.3-14
Check: compiled code
Result: NOTE
    File ‘CRF/libs/CRF.so’:
     Found no call to: ‘R_useDynamicSymbols’
    
    It is good practice to register native routines and to disable symbol
    search.
    
    See ‘Writing portable packages’ in the ‘Writing R Extensions’ manual.
Flavors: r-devel-linux-x86_64-debian-clang, r-devel-linux-x86_64-debian-gcc, r-devel-linux-x86_64-fedora-clang, r-devel-linux-x86_64-fedora-gcc, r-patched-linux-x86_64, r-release-linux-x86_64

Version: 0.3-14
Check: package dependencies
Result: ERROR
    Package required but not available: ‘Rglpk’
    
    See section ‘The DESCRIPTION file’ in the ‘Writing R Extensions’
    manual.
Flavor: r-release-osx-x86_64