CRAN Package Check Results for Package CRPClustering

Last updated on 2018-02-21 05:48:30 CET.

Flavor Version Tinstall Tcheck Ttotal Status Flags
r-devel-linux-x86_64-debian-clang 1.0 2.05 42.13 44.18 OK
r-devel-linux-x86_64-debian-gcc 1.0 1.72 33.12 34.84 OK
r-devel-linux-x86_64-fedora-clang 1.0 52.37 NOTE
r-devel-linux-x86_64-fedora-gcc 1.0 51.78 NOTE
r-devel-windows-ix86+x86_64 1.0 4.00 57.00 61.00 OK
r-patched-linux-x86_64 1.0 1.63 42.21 43.84 OK
r-patched-solaris-x86 1.0 59.60 NOTE
r-release-linux-x86_64 1.0 1.95 41.72 43.67 OK
r-release-windows-ix86+x86_64 1.0 7.00 74.00 81.00 OK
r-release-osx-x86_64 1.0 NOTE
r-oldrel-windows-ix86+x86_64 1.0 6.00 69.00 75.00 OK

Check Details

Version: 1.0
Check: dependencies in R code
Result: NOTE
    Namespace in Imports field not imported from: ‘png’
     All declared Imports should be used.
Flavors: r-devel-linux-x86_64-fedora-clang, r-devel-linux-x86_64-fedora-gcc, r-patched-solaris-x86, r-release-osx-x86_64