CRAN Package Check Results for Package CSGo

Last updated on 2024-02-28 16:50:30 CET.

Flavor Version Tinstall Tcheck Ttotal Status Flags
r-devel-linux-x86_64-debian-clang 0.6.7 2.67 29.38 32.05 OK
r-devel-linux-x86_64-debian-gcc 0.6.7 1.89 22.82 24.71 OK
r-devel-linux-x86_64-fedora-clang 0.6.7 42.20 NOTE
r-devel-linux-x86_64-fedora-gcc 0.6.7 49.54 NOTE
r-devel-windows-x86_64 0.6.7 4.00 48.00 52.00 OK
r-patched-linux-x86_64 0.6.7 2.94 28.51 31.45 OK
r-release-linux-x86_64 0.6.7 2.35 28.37 30.72 OK
r-release-macos-arm64 0.6.7 30.00 OK
r-release-macos-x86_64 0.6.7 35.00 OK
r-release-windows-x86_64 0.6.7 4.00 48.00 52.00 OK
r-oldrel-macos-arm64 0.6.7 21.00 NOTE
r-oldrel-windows-x86_64 0.6.7 6.00 56.00 62.00 OK

Check Details

Version: 0.6.7
Check: dependencies in R code
Result: NOTE Namespaces in Imports field not imported from: ‘extrafont’ ‘future’ All declared Imports should be used. Flavors: r-devel-linux-x86_64-fedora-clang, r-devel-linux-x86_64-fedora-gcc, r-oldrel-macos-arm64