CRAN Package Check Results for Package CTShiny

Last updated on 2020-02-27 17:50:52 CET.

Flavor Version Tinstall Tcheck Ttotal Status Flags
r-devel-linux-x86_64-debian-clang 0.1.0 2.00 17.24 19.24 OK
r-devel-linux-x86_64-debian-gcc 0.1.0 1.76 14.20 15.96 OK
r-devel-linux-x86_64-fedora-clang 0.1.0 26.54 NOTE
r-devel-linux-x86_64-fedora-gcc 0.1.0 23.43 NOTE
r-devel-windows-ix86+x86_64 0.1.0 8.00 32.00 40.00 OK
r-devel-windows-ix86+x86_64-gcc8 0.1.0 8.00 29.00 37.00 OK
r-patched-linux-x86_64 0.1.0 1.51 15.89 17.40 OK
r-patched-solaris-x86 0.1.0 38.20 NOTE
r-release-linux-x86_64 0.1.0 1.43 16.12 17.55 OK
r-release-windows-ix86+x86_64 0.1.0 5.00 26.00 31.00 OK
r-release-osx-x86_64 0.1.0 NOTE
r-oldrel-windows-ix86+x86_64 0.1.0 3.00 26.00 29.00 OK
r-oldrel-osx-x86_64 0.1.0 NOTE

Check Details

Version: 0.1.0
Check: dependencies in R code
Result: NOTE
    Namespaces in Imports field not imported from:
     ‘caret’ ‘datasets’ ‘dplyr’ ‘e1071’ ‘party’ ‘rhandsontable’ ‘rpart’
     ‘rpart.plot’ ‘shiny’
     All declared Imports should be used.
Flavors: r-devel-linux-x86_64-fedora-clang, r-devel-linux-x86_64-fedora-gcc, r-patched-solaris-x86, r-release-osx-x86_64, r-oldrel-osx-x86_64