CRAN Package Check Results for Package CTT

Last updated on 2020-05-29 17:49:02 CEST.

Flavor Version Tinstall Tcheck Ttotal Status Flags
r-devel-linux-x86_64-debian-clang 2.3.3 3.01 23.66 26.67 NOTE
r-devel-linux-x86_64-debian-gcc 2.3.3 2.17 18.69 20.86 NOTE
r-devel-linux-x86_64-fedora-clang 2.3.3 34.42 NOTE
r-devel-linux-x86_64-fedora-gcc 2.3.3 31.38 NOTE
r-devel-windows-ix86+x86_64 2.3.3 7.00 45.00 52.00 OK
r-patched-linux-x86_64 2.3.3 2.78 23.73 26.51 NOTE
r-patched-solaris-x86 2.3.3 48.40 NOTE
r-release-linux-x86_64 2.3.3 2.62 24.00 26.62 NOTE
r-release-osx-x86_64 2.3.3 OK
r-release-windows-ix86+x86_64 2.3.3 6.00 32.00 38.00 OK
r-oldrel-osx-x86_64 2.3.3 OK
r-oldrel-windows-ix86+x86_64 2.3.3 7.00 46.00 53.00 OK

Check Details

Version: 2.3.3
Check: for non-standard things in the check directory
Result: NOTE
    Found the following files/directories:
     'Hello.csv'
Flavors: r-devel-linux-x86_64-debian-clang, r-devel-linux-x86_64-debian-gcc, r-devel-linux-x86_64-fedora-clang, r-devel-linux-x86_64-fedora-gcc, r-patched-linux-x86_64, r-patched-solaris-x86, r-release-linux-x86_64