CRAN Package Check Results for Package CTT

Last updated on 2019-10-20 08:47:15 CEST.

Flavor Version Tinstall Tcheck Ttotal Status Flags
r-devel-linux-x86_64-debian-clang 2.3.3 2.51 21.52 24.03 NOTE
r-devel-linux-x86_64-debian-gcc 2.3.3 2.03 17.24 19.27 NOTE
r-devel-linux-x86_64-fedora-clang 2.3.3 30.17 NOTE
r-devel-linux-x86_64-fedora-gcc 2.3.3 29.27 NOTE
r-devel-windows-ix86+x86_64 2.3.3 11.00 47.00 58.00 OK
r-patched-linux-x86_64 2.3.3 2.26 21.57 23.83 OK
r-patched-solaris-x86 2.3.3 44.00 OK
r-release-linux-x86_64 2.3.3 2.12 21.70 23.82 OK
r-release-windows-ix86+x86_64 2.3.3 7.00 46.00 53.00 OK
r-release-osx-x86_64 2.3.3 OK
r-oldrel-windows-ix86+x86_64 2.3.3 4.00 30.00 34.00 OK
r-oldrel-osx-x86_64 2.3.3 OK

Check Details

Version: 2.3.3
Check: for non-standard things in the check directory
Result: NOTE
    Found the following files/directories:
     'Hello.csv'
Flavors: r-devel-linux-x86_64-debian-clang, r-devel-linux-x86_64-debian-gcc, r-devel-linux-x86_64-fedora-clang, r-devel-linux-x86_64-fedora-gcc