CRAN Package Check Results for Package CUB

Last updated on 2018-11-20 13:46:19 CET.

Flavor Version Tinstall Tcheck Ttotal Status Flags
r-devel-linux-x86_64-debian-clang 1.1.2 9.94 420.75 430.69 WARN
r-devel-linux-x86_64-debian-gcc 1.1.2 7.20 318.41 325.61 WARN
r-devel-linux-x86_64-fedora-clang 1.1.2 492.38 WARN
r-devel-linux-x86_64-fedora-gcc 1.1.2 476.21 WARN
r-devel-windows-ix86+x86_64 1.1.2 17.00 575.00 592.00 OK
r-patched-linux-x86_64 1.1.2 8.71 416.72 425.43 WARN
r-patched-solaris-x86 1.1.2 573.30 WARN
r-release-linux-x86_64 1.1.2 7.63 414.08 421.71 WARN
r-release-windows-ix86+x86_64 1.1.2 12.00 572.00 584.00 OK
r-release-osx-x86_64 1.1.2 OK
r-oldrel-windows-ix86+x86_64 1.1.2 10.00 386.00 396.00 OK
r-oldrel-osx-x86_64 1.1.2 OK

Check Details

Version: 1.1.2
Check: re-building of vignette outputs
Result: WARN
    Error in re-building vignettes:
     ...
    Error in texi2dvi(file = file, pdf = TRUE, clean = clean, quiet = quiet, :
     Running ‘texi2dvi’ on ‘CUBvignette-knitr.tex’ failed.
    LaTeX errors:
    ! LaTeX Error: Option clash for package xcolor.
    
    See the LaTeX manual or LaTeX Companion for explanation.
    Type H <return> for immediate help.
     ...
    Calls: buildVignettes -> texi2pdf -> texi2dvi
    Execution halted
Flavors: r-devel-linux-x86_64-debian-clang, r-devel-linux-x86_64-debian-gcc, r-devel-linux-x86_64-fedora-clang, r-devel-linux-x86_64-fedora-gcc, r-patched-linux-x86_64, r-patched-solaris-x86, r-release-linux-x86_64