CRAN Package Check Results for Package CVTuningCov

Last updated on 2019-09-21 07:49:09 CEST.

Flavor Version Tinstall Tcheck Ttotal Status Flags
r-devel-linux-x86_64-debian-clang 1.0 1.77 20.01 21.78 NOTE
r-devel-linux-x86_64-debian-gcc 1.0 1.61 16.43 18.04 NOTE
r-devel-linux-x86_64-fedora-clang 1.0 27.20 NOTE
r-devel-linux-x86_64-fedora-gcc 1.0 26.69 NOTE
r-devel-windows-ix86+x86_64 1.0 7.00 32.00 39.00 NOTE
r-patched-linux-x86_64 1.0 1.70 20.18 21.88 NOTE
r-patched-solaris-x86 1.0 42.50 NOTE
r-release-linux-x86_64 1.0 1.44 20.15 21.59 NOTE
r-release-windows-ix86+x86_64 1.0 4.00 30.00 34.00 NOTE
r-release-osx-x86_64 1.0 NOTE
r-oldrel-windows-ix86+x86_64 1.0 2.00 36.00 38.00 NOTE
r-oldrel-osx-x86_64 1.0 NOTE

Check Details

Version: 1.0
Check: R code for possible problems
Result: NOTE
    random.CV: no visible global function definition for 'var'
    regular.CV: no visible global function definition for 'var'
    Undefined global functions or variables:
     var
    Consider adding
     importFrom("stats", "var")
    to your NAMESPACE file.
Flavors: r-devel-linux-x86_64-debian-clang, r-devel-linux-x86_64-debian-gcc, r-devel-linux-x86_64-fedora-clang, r-devel-linux-x86_64-fedora-gcc, r-devel-windows-ix86+x86_64, r-patched-linux-x86_64, r-patched-solaris-x86, r-release-linux-x86_64, r-release-windows-ix86+x86_64, r-release-osx-x86_64, r-oldrel-windows-ix86+x86_64, r-oldrel-osx-x86_64