CRAN Package Check Results for Package CVTuningCov

Last updated on 2020-02-24 15:47:51 CET.

Flavor Version Tinstall Tcheck Ttotal Status Flags
r-devel-linux-x86_64-debian-clang 1.0 1.99 21.60 23.59 NOTE
r-devel-linux-x86_64-debian-gcc 1.0 1.74 17.31 19.05 NOTE
r-devel-linux-x86_64-fedora-clang 1.0 31.21 NOTE
r-devel-linux-x86_64-fedora-gcc 1.0 28.22 NOTE
r-devel-windows-ix86+x86_64 1.0 6.00 32.00 38.00 NOTE
r-devel-windows-ix86+x86_64-gcc8 1.0 10.00 49.00 59.00 NOTE
r-patched-linux-x86_64 1.0 NOTE
r-patched-solaris-x86 1.0 42.00 NOTE
r-release-linux-x86_64 1.0 1.60 20.23 21.83 NOTE
r-release-windows-ix86+x86_64 1.0 4.00 31.00 35.00 NOTE
r-release-osx-x86_64 1.0 NOTE
r-oldrel-windows-ix86+x86_64 1.0 8.00 33.00 41.00 NOTE
r-oldrel-osx-x86_64 1.0 NOTE

Check Details

Version: 1.0
Check: R code for possible problems
Result: NOTE
    random.CV: no visible global function definition for 'var'
    regular.CV: no visible global function definition for 'var'
    Undefined global functions or variables:
     var
    Consider adding
     importFrom("stats", "var")
    to your NAMESPACE file.
Flavors: r-devel-linux-x86_64-debian-clang, r-devel-linux-x86_64-debian-gcc, r-devel-linux-x86_64-fedora-clang, r-devel-linux-x86_64-fedora-gcc, r-devel-windows-ix86+x86_64, r-devel-windows-ix86+x86_64-gcc8, r-patched-linux-x86_64, r-patched-solaris-x86, r-release-linux-x86_64, r-release-windows-ix86+x86_64, r-release-osx-x86_64, r-oldrel-windows-ix86+x86_64, r-oldrel-osx-x86_64