CRAN Package Check Results for Package Cairo

Last updated on 2018-09-25 08:48:39 CEST.

Flavor Version Tinstall Tcheck Ttotal Status Flags
r-devel-linux-x86_64-debian-clang 1.5-9 7.87 19.56 27.43 NOTE
r-devel-linux-x86_64-debian-gcc 1.5-9 4.94 15.59 20.53 NOTE
r-devel-linux-x86_64-fedora-clang 1.5-9 31.51 NOTE
r-devel-linux-x86_64-fedora-gcc 1.5-9 30.92 NOTE
r-devel-windows-ix86+x86_64 1.5-9 35.00 51.00 86.00 NOTE
r-patched-linux-x86_64 1.5-9 5.87 16.90 22.77 NOTE
r-patched-solaris-x86 1.5-9 45.80 NOTE
r-release-linux-x86_64 1.5-9 5.59 18.32 23.91 NOTE
r-release-windows-ix86+x86_64 1.5-9 42.00 45.00 87.00 NOTE
r-release-osx-x86_64 1.5-9 NOTE
r-oldrel-windows-ix86+x86_64 1.5-9 30.00 35.00 65.00 OK
r-oldrel-osx-x86_64 1.5-9 ERROR

Additional issues

rchk

Check Details

Version: 1.5-9
Check: compiled code
Result: NOTE
    File ‘Cairo/libs/Cairo.so’:
     Found non-API calls to R: ‘R_InputHandlers’, ‘addInputHandler’
    
    Compiled code should not call non-API entry points in R.
    
    See ‘Writing portable packages’ in the ‘Writing R Extensions’ manual.
Flavors: r-devel-linux-x86_64-debian-clang, r-devel-linux-x86_64-debian-gcc, r-patched-linux-x86_64, r-patched-solaris-x86, r-release-linux-x86_64, r-release-osx-x86_64

Version: 1.5-9
Check: compiled code
Result: NOTE
    File ‘Cairo/libs/Cairo.so’:
     Found non-API calls to R: ‘R_InputHandlers’, ‘addInputHandler’
    File ‘Cairo/libs/Cairo.so’:
     Found no calls to: ‘R_registerRoutines’, ‘R_useDynamicSymbols’
    
    Compiled code should not call non-API entry points in R.
    It is good practice to register native routines and to disable symbol
    search.
    
    See ‘Writing portable packages’ in the ‘Writing R Extensions’ manual.
Flavors: r-devel-linux-x86_64-fedora-clang, r-devel-linux-x86_64-fedora-gcc

Version: 1.5-9
Check: package dependencies
Result: NOTE
    Package which this enhances but not available for checking: 'FastRWeb'
Flavors: r-devel-windows-ix86+x86_64, r-patched-solaris-x86, r-release-windows-ix86+x86_64

Version: 1.5-9
Check: whether package can be installed
Result: ERROR
    Installation failed.
Flavor: r-oldrel-osx-x86_64