CRAN Package Check Results for Package CamelUp

Last updated on 2021-02-25 09:46:41 CET.

Flavor Version Tinstall Tcheck Ttotal Status Flags
r-devel-linux-x86_64-debian-clang 2.0.3 114.87 80.67 195.54 OK
r-devel-linux-x86_64-debian-gcc 2.0.3 84.18 60.47 144.65 OK
r-devel-linux-x86_64-fedora-clang 2.0.3 293.79 NOTE
r-devel-linux-x86_64-fedora-gcc 2.0.3 253.98 OK
r-devel-windows-ix86+x86_64 2.0.2 186.00 108.00 294.00 OK
r-patched-linux-x86_64 2.0.3 95.64 75.84 171.48 OK
r-patched-solaris-x86 2.0.3 233.80 OK
r-release-linux-x86_64 2.0.3 100.13 76.86 176.99 OK
r-release-macos-x86_64 2.0.2 NOTE
r-release-windows-ix86+x86_64 2.0.2 257.00 165.00 422.00 OK
r-oldrel-macos-x86_64 2.0.3 NOTE
r-oldrel-windows-ix86+x86_64 2.0.2 175.00 123.00 298.00 OK

Check Details

Version: 2.0.3
Check: installed package size
Result: NOTE
     installed size is 12.0Mb
     sub-directories of 1Mb or more:
     libs 11.7Mb
Flavors: r-devel-linux-x86_64-fedora-clang, r-oldrel-macos-x86_64

Version: 2.0.2
Check: installed package size
Result: NOTE
     installed size is 9.5Mb
     sub-directories of 1Mb or more:
     libs 9.2Mb
Flavor: r-release-macos-x86_64