CRAN Package Check Results for Package CausalFX

Last updated on 2018-11-18 10:49:52 CET.

Flavor Version Tinstall Tcheck Ttotal Status Flags
r-devel-linux-x86_64-debian-clang 1.0.1 3.25 33.40 36.65 NOTE
r-devel-linux-x86_64-debian-gcc 1.0.1 2.60 26.41 29.01 NOTE
r-devel-linux-x86_64-fedora-clang 1.0.1 42.74 NOTE
r-devel-linux-x86_64-fedora-gcc 1.0.1 42.66 NOTE
r-devel-windows-ix86+x86_64 1.0.1 7.00 55.00 62.00 NOTE
r-patched-linux-x86_64 1.0.1 3.71 31.77 35.48 NOTE
r-patched-solaris-x86 1.0.1 69.20 NOTE
r-release-linux-x86_64 1.0.1 3.52 31.76 35.28 NOTE
r-release-windows-ix86+x86_64 1.0.1 8.00 55.00 63.00 NOTE
r-release-osx-x86_64 1.0.1 NOTE
r-oldrel-windows-ix86+x86_64 1.0.1 5.00 63.00 68.00 NOTE
r-oldrel-osx-x86_64 1.0.1 NOTE

Check Details

Version: 1.0.1
Check: R code for possible problems
Result: NOTE
    binParamPosteriorSampling: no visible global function definition for
     ‘rbeta’
    bindagMonteCarloCausalEffect: no visible global function definition for
     ‘runif’
    getBinDAGModelData: no visible global function definition for ‘runif’
    logitDist: no visible global function definition for ‘runif’
    logitDist: no visible global function definition for ‘rnorm’
    simulateWitnessModel: no visible global function definition for ‘runif’
    summary.covsearch: no visible global function definition for ‘quantile’
    summary.iv: no visible global function definition for ‘quantile’
    summary.wpp: no visible global function definition for ‘quantile’
    Undefined global functions or variables:
     quantile rbeta rnorm runif
    Consider adding
     importFrom("stats", "quantile", "rbeta", "rnorm", "runif")
    to your NAMESPACE file.
Flavors: r-devel-linux-x86_64-debian-clang, r-devel-linux-x86_64-debian-gcc, r-devel-linux-x86_64-fedora-clang, r-devel-linux-x86_64-fedora-gcc, r-devel-windows-ix86+x86_64, r-patched-linux-x86_64, r-patched-solaris-x86, r-release-linux-x86_64, r-release-windows-ix86+x86_64, r-release-osx-x86_64, r-oldrel-windows-ix86+x86_64, r-oldrel-osx-x86_64