CRAN Package Check Results for Package CausalFX

Last updated on 2018-05-22 18:46:41 CEST.

Flavor Version Tinstall Tcheck Ttotal Status Flags
r-devel-linux-x86_64-debian-clang 1.0.1 3.09 33.68 36.77 NOTE
r-devel-linux-x86_64-debian-gcc 1.0.1 2.68 25.50 28.18 NOTE
r-devel-linux-x86_64-fedora-clang 1.0.1 44.45 NOTE
r-devel-linux-x86_64-fedora-gcc 1.0.1 43.13 NOTE
r-devel-windows-ix86+x86_64 1.0.1 6.00 55.00 61.00 NOTE
r-patched-linux-x86_64 1.0.1 3.98 32.07 36.05 NOTE
r-patched-solaris-x86 1.0.1 64.60 NOTE
r-release-linux-x86_64 1.0.1 3.29 31.53 34.82 NOTE
r-release-windows-ix86+x86_64 1.0.1 7.00 57.00 64.00 NOTE
r-release-osx-x86_64 1.0.1 NOTE
r-oldrel-windows-ix86+x86_64 1.0.1 4.00 41.00 45.00 NOTE
r-oldrel-osx-x86_64 1.0.1 NOTE

Check Details

Version: 1.0.1
Check: R code for possible problems
Result: NOTE
    binParamPosteriorSampling: no visible global function definition for
     ‘rbeta’
    bindagMonteCarloCausalEffect: no visible global function definition for
     ‘runif’
    getBinDAGModelData: no visible global function definition for ‘runif’
    logitDist: no visible global function definition for ‘runif’
    logitDist: no visible global function definition for ‘rnorm’
    simulateWitnessModel: no visible global function definition for ‘runif’
    summary.covsearch: no visible global function definition for ‘quantile’
    summary.iv: no visible global function definition for ‘quantile’
    summary.wpp: no visible global function definition for ‘quantile’
    Undefined global functions or variables:
     quantile rbeta rnorm runif
    Consider adding
     importFrom("stats", "quantile", "rbeta", "rnorm", "runif")
    to your NAMESPACE file.
Flavors: r-devel-linux-x86_64-debian-clang, r-devel-linux-x86_64-debian-gcc, r-devel-linux-x86_64-fedora-clang, r-devel-linux-x86_64-fedora-gcc, r-devel-windows-ix86+x86_64, r-patched-linux-x86_64, r-patched-solaris-x86, r-release-linux-x86_64, r-release-windows-ix86+x86_64, r-release-osx-x86_64, r-oldrel-windows-ix86+x86_64, r-oldrel-osx-x86_64