CRAN Package Check Results for Package CausalImpact

Last updated on 2018-05-27 13:47:01 CEST.

Flavor Version Tinstall Tcheck Ttotal Status Flags
r-devel-linux-x86_64-debian-clang 1.2.3 3.02 85.90 88.92 NOTE
r-devel-linux-x86_64-debian-gcc 1.2.3 2.69 64.42 67.11 NOTE
r-devel-linux-x86_64-fedora-clang 1.2.3 106.52 NOTE
r-devel-linux-x86_64-fedora-gcc 1.2.3 111.18 NOTE
r-devel-windows-ix86+x86_64 1.2.3 7.00 92.00 99.00 NOTE
r-patched-linux-x86_64 1.2.3 3.59 81.63 85.22 NOTE
r-release-linux-x86_64 1.2.3 0.25 1.87 2.12 ERROR
r-release-windows-ix86+x86_64 1.2.3 10.00 122.00 132.00 NOTE
r-release-osx-x86_64 1.2.3 OK
r-oldrel-windows-ix86+x86_64 1.2.3 8.00 108.00 116.00 NOTE
r-oldrel-osx-x86_64 1.2.3 OK

Check Details

Version: 1.2.3
Check: R code for possible problems
Result: NOTE
    ConstructModel: warning in AddDynamicRegression(ss, formula, data =
     data, sigma.mean.prior = sigma.mean.prior): partial argument match of
     ‘sigma.mean.prior’ to ‘sigma.mean.prior.DEPRECATED’
Flavors: r-devel-linux-x86_64-debian-clang, r-devel-linux-x86_64-debian-gcc, r-devel-linux-x86_64-fedora-clang, r-devel-linux-x86_64-fedora-gcc, r-devel-windows-ix86+x86_64, r-patched-linux-x86_64, r-release-windows-ix86+x86_64, r-oldrel-windows-ix86+x86_64

Version: 1.2.3
Check: package dependencies
Result: ERROR
    Package required but not available: ‘bsts’
    
    See section ‘The DESCRIPTION file’ in the ‘Writing R Extensions’
    manual.
Flavor: r-release-linux-x86_64