CRAN Package Check Results for Package CausalImpact

Last updated on 2018-10-17 07:50:48 CEST.

Flavor Version Tinstall Tcheck Ttotal Status Flags
r-devel-linux-x86_64-debian-clang 1.2.3 4.26 90.32 94.58 NOTE
r-devel-linux-x86_64-debian-gcc 1.2.3 3.82 70.10 73.92 NOTE
r-devel-linux-x86_64-fedora-clang 1.2.3 112.91 NOTE
r-devel-linux-x86_64-fedora-gcc 1.2.3 114.67 NOTE
r-devel-windows-ix86+x86_64 1.2.3 14.00 132.00 146.00 NOTE
r-patched-linux-x86_64 1.2.3 0.39 1.92 2.31 ERROR
r-release-linux-x86_64 1.2.3 0.42 2.16 2.58 ERROR
r-release-windows-ix86+x86_64 1.2.3 13.00 131.00 144.00 NOTE
r-release-osx-x86_64 1.2.3 OK
r-oldrel-windows-ix86+x86_64 1.2.3 12.00 186.00 198.00 NOTE
r-oldrel-osx-x86_64 1.2.3 OK

Check Details

Version: 1.2.3
Check: R code for possible problems
Result: NOTE
    ConstructModel: warning in AddDynamicRegression(ss, formula, data =
     data, sigma.mean.prior = sigma.mean.prior): partial argument match of
     ‘sigma.mean.prior’ to ‘sigma.mean.prior.DEPRECATED’
Flavors: r-devel-linux-x86_64-debian-clang, r-devel-linux-x86_64-debian-gcc, r-devel-linux-x86_64-fedora-clang, r-devel-linux-x86_64-fedora-gcc, r-devel-windows-ix86+x86_64, r-release-windows-ix86+x86_64, r-oldrel-windows-ix86+x86_64

Version: 1.2.3
Check: package dependencies
Result: ERROR
    Package required but not available: ‘bsts’
    
    See section ‘The DESCRIPTION file’ in the ‘Writing R Extensions’
    manual.
Flavors: r-patched-linux-x86_64, r-release-linux-x86_64