CRAN Package Check Results for Package CausalImpact

Last updated on 2018-08-16 16:52:23 CEST.

Flavor Version Tinstall Tcheck Ttotal Status Flags
r-devel-linux-x86_64-debian-clang 1.2.3 4.68 91.57 96.25 NOTE
r-devel-linux-x86_64-debian-gcc 1.2.3 3.12 68.80 71.92 NOTE
r-devel-linux-x86_64-fedora-clang 1.2.3 114.69 NOTE
r-devel-linux-x86_64-fedora-gcc 1.2.3 110.26 NOTE
r-devel-windows-ix86+x86_64 1.2.3 13.00 156.00 169.00 NOTE
r-patched-linux-x86_64 1.2.3 0.41 2.02 2.43 ERROR
r-release-linux-x86_64 1.2.3 0.41 2.05 2.46 ERROR
r-release-windows-ix86+x86_64 1.2.3 12.00 151.00 163.00 NOTE
r-release-osx-x86_64 1.2.3 OK
r-oldrel-windows-ix86+x86_64 1.2.3 9.00 143.00 152.00 NOTE
r-oldrel-osx-x86_64 1.2.3 OK

Check Details

Version: 1.2.3
Check: R code for possible problems
Result: NOTE
    ConstructModel: warning in AddDynamicRegression(ss, formula, data =
     data, sigma.mean.prior = sigma.mean.prior): partial argument match of
     ‘sigma.mean.prior’ to ‘sigma.mean.prior.DEPRECATED’
Flavors: r-devel-linux-x86_64-debian-clang, r-devel-linux-x86_64-debian-gcc, r-devel-linux-x86_64-fedora-clang, r-devel-linux-x86_64-fedora-gcc, r-devel-windows-ix86+x86_64, r-release-windows-ix86+x86_64, r-oldrel-windows-ix86+x86_64

Version: 1.2.3
Check: package dependencies
Result: ERROR
    Package required but not available: ‘bsts’
    
    See section ‘The DESCRIPTION file’ in the ‘Writing R Extensions’
    manual.
Flavors: r-patched-linux-x86_64, r-release-linux-x86_64