CRAN Package Check Results for Package CausalImpact

Last updated on 2019-01-23 08:48:57 CET.

Flavor Version Tinstall Tcheck Ttotal Status Flags
r-devel-linux-x86_64-debian-clang 1.2.3 4.23 92.43 96.66 NOTE
r-devel-linux-x86_64-debian-gcc 1.2.3 3.44 68.69 72.13 NOTE
r-devel-linux-x86_64-fedora-clang 1.2.3 111.35 NOTE
r-devel-linux-x86_64-fedora-gcc 1.2.3 109.55 NOTE
r-devel-windows-ix86+x86_64 1.2.3 11.00 139.00 150.00 NOTE
r-patched-linux-x86_64 1.2.3 0.39 2.15 2.54 ERROR
r-release-linux-x86_64 1.2.3 0.40 1.98 2.38 ERROR
r-release-windows-ix86+x86_64 1.2.3 7.00 108.00 115.00 NOTE
r-release-osx-x86_64 1.2.3 OK
r-oldrel-windows-ix86+x86_64 1.2.3 7.00 175.00 182.00 NOTE
r-oldrel-osx-x86_64 1.2.3 OK

Check Details

Version: 1.2.3
Check: R code for possible problems
Result: NOTE
    ConstructModel: warning in AddDynamicRegression(ss, formula, data =
     data, sigma.mean.prior = sigma.mean.prior): partial argument match of
     ‘sigma.mean.prior’ to ‘sigma.mean.prior.DEPRECATED’
Flavors: r-devel-linux-x86_64-debian-clang, r-devel-linux-x86_64-debian-gcc, r-devel-linux-x86_64-fedora-clang, r-devel-linux-x86_64-fedora-gcc, r-devel-windows-ix86+x86_64, r-release-windows-ix86+x86_64, r-oldrel-windows-ix86+x86_64

Version: 1.2.3
Check: package dependencies
Result: ERROR
    Package required but not available: ‘bsts’
    
    See section ‘The DESCRIPTION file’ in the ‘Writing R Extensions’
    manual.
Flavors: r-patched-linux-x86_64, r-release-linux-x86_64