CRAN Package Check Results for Package CausalMBSTS

Last updated on 2024-02-28 18:50:30 CET.

Flavor Version Tinstall Tcheck Ttotal Status Flags
r-devel-linux-x86_64-debian-clang 0.1.1 9.41 156.16 165.57 NOTE
r-devel-linux-x86_64-debian-gcc 0.1.1 9.28 118.67 127.95 NOTE
r-devel-linux-x86_64-fedora-clang 0.1.1 223.21 NOTE
r-devel-linux-x86_64-fedora-gcc 0.1.1 224.66 NOTE
r-devel-windows-x86_64 0.1.1 12.00 125.00 137.00 OK
r-patched-linux-x86_64 0.1.1 13.95 152.32 166.27 OK
r-release-linux-x86_64 0.1.1 12.40 152.01 164.41 OK
r-release-macos-arm64 0.1.1 74.00 OK
r-release-macos-x86_64 0.1.1 94.00 OK
r-release-windows-x86_64 0.1.1 16.00 153.00 169.00 OK
r-oldrel-macos-arm64 0.1.1 57.00 OK
r-oldrel-windows-x86_64 0.1.1 17.00 156.00 173.00 OK

Check Details

Version: 0.1.1
Check: Rd files
Result: NOTE checkRd: (-1) as.mbsts.Rd:71: Lost braces; missing escapes or markup? 71 | \item{states.samples}{(\code{niter}- \code{burn}) draws from p(alpha_t | Y_{1:T}).} | ^ checkRd: (-1) mcmc.Rd:61: Lost braces; missing escapes or markup? 61 | \item{states.samples}{(\code{niter}- \code{burn}) draws from p(alpha_t | Y_{1:T}).} | ^ Flavors: r-devel-linux-x86_64-debian-clang, r-devel-linux-x86_64-debian-gcc, r-devel-linux-x86_64-fedora-clang, r-devel-linux-x86_64-fedora-gcc