CRAN Package Check Results for Package CausalQueries

Last updated on 2024-02-29 06:54:02 CET.

Flavor Version Tinstall Tcheck Ttotal Status Flags
r-devel-linux-x86_64-debian-clang 1.0.2 213.87 320.16 534.03 NOTE
r-devel-linux-x86_64-debian-gcc 1.0.2 179.46 262.73 442.19 NOTE
r-devel-linux-x86_64-fedora-clang 1.0.2 668.04 NOTE
r-devel-linux-x86_64-fedora-gcc 1.0.2 776.73 NOTE
r-devel-windows-x86_64 1.0.2 162.00 324.00 486.00 NOTE
r-patched-linux-x86_64 1.0.2 171.94 349.57 521.51 NOTE
r-release-linux-x86_64 1.0.2 158.86 347.40 506.26 NOTE
r-release-macos-arm64 1.0.2 181.00 NOTE
r-release-macos-x86_64 1.0.2 395.00 NOTE
r-release-windows-x86_64 1.0.2 206.00 400.00 606.00 NOTE
r-oldrel-macos-arm64 1.0.2 160.00 NOTE
r-oldrel-windows-x86_64 1.0.2 190.00 373.00 563.00 NOTE

Check Details

Version: 1.0.2
Check: for GNU extensions in Makefiles
Result: NOTE GNU make is a SystemRequirements. Flavors: r-devel-linux-x86_64-debian-clang, r-devel-linux-x86_64-debian-gcc, r-devel-linux-x86_64-fedora-clang, r-devel-linux-x86_64-fedora-gcc, r-devel-windows-x86_64, r-patched-linux-x86_64, r-release-linux-x86_64, r-release-macos-arm64, r-release-macos-x86_64, r-release-windows-x86_64, r-oldrel-macos-arm64, r-oldrel-windows-x86_64

Version: 1.0.2
Check: installed package size
Result: NOTE installed size is 44.1Mb sub-directories of 1Mb or more: libs 43.3Mb Flavors: r-release-macos-arm64, r-release-macos-x86_64, r-oldrel-macos-arm64