CRAN Package Check Results for Package Causata

Last updated on 2019-02-21 07:48:29 CET.

Flavor Version Tinstall Tcheck Ttotal Status Flags
r-devel-linux-x86_64-debian-clang 4.2-0 11.13 237.06 248.19 NOTE
r-devel-linux-x86_64-debian-gcc 4.2-0 7.71 178.56 186.27 NOTE
r-devel-linux-x86_64-fedora-clang 4.2-0 295.95 NOTE
r-devel-linux-x86_64-fedora-gcc 4.2-0 273.84 NOTE
r-devel-windows-ix86+x86_64 4.2-0 23.00 351.00 374.00 WARN
r-patched-linux-x86_64 4.2-0 NOTE
r-patched-solaris-x86 4.2-0 509.20 NOTE
r-release-linux-x86_64 4.2-0 NOTE
r-release-windows-ix86+x86_64 4.2-0 18.00 332.00 350.00 NOTE
r-release-osx-x86_64 4.2-0 NOTE
r-oldrel-windows-ix86+x86_64 4.2-0 16.00 282.00 298.00 NOTE
r-oldrel-osx-x86_64 4.2-0 NOTE

Check Details

Version: 4.2-0
Check: DESCRIPTION meta-information
Result: NOTE
    Malformed Title field: should not end in a period.
Flavors: r-devel-linux-x86_64-debian-clang, r-devel-linux-x86_64-debian-gcc, r-devel-linux-x86_64-fedora-clang, r-devel-linux-x86_64-fedora-gcc, r-devel-windows-ix86+x86_64, r-patched-linux-x86_64, r-patched-solaris-x86, r-release-linux-x86_64, r-release-windows-ix86+x86_64, r-release-osx-x86_64, r-oldrel-windows-ix86+x86_64, r-oldrel-osx-x86_64

Version: 4.2-0
Check: top-level files
Result: NOTE
    Non-standard file/directory found at top level:
     ‘integration_tests’
Flavors: r-devel-linux-x86_64-debian-clang, r-devel-linux-x86_64-debian-gcc, r-devel-linux-x86_64-fedora-clang, r-devel-linux-x86_64-fedora-gcc, r-patched-linux-x86_64, r-release-linux-x86_64

Version: 4.2-0
Check: R code for possible problems
Result: NOTE
    BinaryCut: no visible global function definition for ‘quantile’
    CleanNaFromContinuousFunction: no visible global function definition
     for ‘median’
    CleanNaFromContinuousFunction: no visible global function definition
     for ‘na.omit’
    GetMetadata.Connect: no visible global function definition for
     ‘dbGetQuery’
    GetRawData.Connect: no visible global function definition for
     ‘dbGetQuery’
    Linearity: no visible global function definition for ‘median’
    PredictivePowerCv: no visible global function definition for ‘sd’
    ReadCausataCsv: no visible global function definition for ‘read.csv’
    ToPmml.GlmnetModelDefinition: no visible global function definition for
     ‘coef’
    ToPmml.GlmnetModelDefinition: no visible global function definition for
     ‘terms.formula’
    ValidateModel: no visible global function definition for ‘predict’
    predict.GlmnetModelDefinition: no visible global function definition
     for ‘model.matrix’
    predict.GlmnetModelDefinition: no visible binding for global variable
     ‘contrasts’
    predict.GlmnetModelDefinition: no visible global function definition
     for ‘predict’
    Undefined global functions or variables:
     coef contrasts dbGetQuery median model.matrix na.omit predict
     quantile read.csv sd terms.formula
    Consider adding
     importFrom("stats", "coef", "contrasts", "median", "model.matrix",
     "na.omit", "predict", "quantile", "sd", "terms.formula")
     importFrom("utils", "read.csv")
    to your NAMESPACE file.
Flavors: r-devel-linux-x86_64-debian-clang, r-devel-linux-x86_64-debian-gcc, r-devel-linux-x86_64-fedora-clang, r-devel-linux-x86_64-fedora-gcc, r-devel-windows-ix86+x86_64, r-patched-linux-x86_64, r-patched-solaris-x86, r-release-linux-x86_64, r-release-windows-ix86+x86_64, r-release-osx-x86_64, r-oldrel-windows-ix86+x86_64, r-oldrel-osx-x86_64

Version: 4.2-0
Check: package dependencies
Result: NOTE
    Package suggested but not available for checking: 'doMC'
Flavors: r-devel-windows-ix86+x86_64, r-release-windows-ix86+x86_64, r-oldrel-windows-ix86+x86_64

Version: 4.2-0
Check: whether package can be installed
Result: WARN
    Found the following significant warnings:
     Warning: S3 methods '[.fun_list', '[.grouped_df', 'all.equal.tbl_df', 'anti_join.data.frame', 'anti_join.tbl_df', 'arrange.data.frame', 'arrange.default', 'arrange.grouped_df', 'arrange.tbl_df', 'arrange_.data.frame', 'arrange_.tbl_df', 'as.data.frame.grouped_df', 'as.data.frame.rowwise_df', 'as.data.frame.tbl_cube', 'as.table.tbl_cube', 'as.tbl.data.frame', 'as.tbl.tbl', 'as.tbl_cube.array', 'as.tbl_cube.data.frame', 'as.tbl_cube.matrix', 'as.tbl_cube.table', 'as_tibble.grouped_df', 'as_tibble.tbl_cube', 'auto_copy.tbl_cube', 'auto_copy.tbl_df', 'cbind.grouped_df', 'collapse.data.frame', 'collect.data.frame', 'common_by.NULL', 'common_by.character', 'common_by.default', 'common_by.list', 'compute.data.frame', 'copy_to.DBIConnection', 'copy_to.src_local', 'default_missing.data.frame', 'default_missing.default', 'dim.tbl_cube', 'distinct.data.frame', 'distinct.default', 'distinct.grouped_df', 'distinct.tbl_df', 'distinct_.data.frame', 'distinct_.grouped_df', 'distinct_.tbl_df', 'do.NULL', 'do.da [... truncated]
Flavor: r-devel-windows-ix86+x86_64