CRAN Package Check Results for Package Causata

Last updated on 2018-08-19 06:46:36 CEST.

Flavor Version Tinstall Tcheck Ttotal Status Flags
r-devel-linux-x86_64-debian-clang 4.2-0 10.92 261.54 272.46 NOTE
r-devel-linux-x86_64-debian-gcc 4.2-0 9.24 203.00 212.24 NOTE
r-devel-linux-x86_64-fedora-clang 4.2-0 325.28 NOTE
r-devel-linux-x86_64-fedora-gcc 4.2-0 315.33 NOTE
r-devel-windows-ix86+x86_64 4.2-0 24.00 345.00 369.00 NOTE
r-patched-linux-x86_64 4.2-0 7.59 218.51 226.10 NOTE
r-patched-solaris-x86 4.2-0 509.00 NOTE
r-release-linux-x86_64 4.2-0 9.64 222.75 232.39 NOTE
r-release-windows-ix86+x86_64 4.2-0 26.00 310.00 336.00 NOTE
r-release-osx-x86_64 4.2-0 NOTE
r-oldrel-windows-ix86+x86_64 4.2-0 16.00 251.00 267.00 WARN
r-oldrel-osx-x86_64 4.2-0 NOTE

Check Details

Version: 4.2-0
Check: DESCRIPTION meta-information
Result: NOTE
    Malformed Title field: should not end in a period.
Flavors: r-devel-linux-x86_64-debian-clang, r-devel-linux-x86_64-debian-gcc, r-devel-linux-x86_64-fedora-clang, r-devel-linux-x86_64-fedora-gcc, r-devel-windows-ix86+x86_64, r-patched-linux-x86_64, r-patched-solaris-x86, r-release-linux-x86_64, r-release-windows-ix86+x86_64, r-release-osx-x86_64, r-oldrel-windows-ix86+x86_64, r-oldrel-osx-x86_64

Version: 4.2-0
Check: top-level files
Result: NOTE
    Non-standard file/directory found at top level:
     ‘integration_tests’
Flavors: r-devel-linux-x86_64-debian-clang, r-devel-linux-x86_64-debian-gcc, r-devel-linux-x86_64-fedora-clang, r-devel-linux-x86_64-fedora-gcc, r-patched-linux-x86_64, r-release-linux-x86_64

Version: 4.2-0
Check: R code for possible problems
Result: NOTE
    BinaryCut: no visible global function definition for ‘quantile’
    CleanNaFromContinuousFunction: no visible global function definition
     for ‘median’
    CleanNaFromContinuousFunction: no visible global function definition
     for ‘na.omit’
    GetMetadata.Connect: no visible global function definition for
     ‘dbGetQuery’
    GetRawData.Connect: no visible global function definition for
     ‘dbGetQuery’
    Linearity: no visible global function definition for ‘median’
    PredictivePowerCv: no visible global function definition for ‘sd’
    ReadCausataCsv: no visible global function definition for ‘read.csv’
    ToPmml.GlmnetModelDefinition: no visible global function definition for
     ‘coef’
    ToPmml.GlmnetModelDefinition: no visible global function definition for
     ‘terms.formula’
    ValidateModel: no visible global function definition for ‘predict’
    predict.GlmnetModelDefinition: no visible global function definition
     for ‘model.matrix’
    predict.GlmnetModelDefinition: no visible binding for global variable
     ‘contrasts’
    predict.GlmnetModelDefinition: no visible global function definition
     for ‘predict’
    Undefined global functions or variables:
     coef contrasts dbGetQuery median model.matrix na.omit predict
     quantile read.csv sd terms.formula
    Consider adding
     importFrom("stats", "coef", "contrasts", "median", "model.matrix",
     "na.omit", "predict", "quantile", "sd", "terms.formula")
     importFrom("utils", "read.csv")
    to your NAMESPACE file.
Flavors: r-devel-linux-x86_64-debian-clang, r-devel-linux-x86_64-debian-gcc, r-devel-linux-x86_64-fedora-clang, r-devel-linux-x86_64-fedora-gcc, r-devel-windows-ix86+x86_64, r-patched-linux-x86_64, r-patched-solaris-x86, r-release-linux-x86_64, r-release-windows-ix86+x86_64, r-release-osx-x86_64, r-oldrel-windows-ix86+x86_64, r-oldrel-osx-x86_64

Version: 4.2-0
Check: package dependencies
Result: NOTE
    Package suggested but not available for checking: 'doMC'
Flavors: r-devel-windows-ix86+x86_64, r-release-windows-ix86+x86_64, r-oldrel-windows-ix86+x86_64

Version: 4.2-0
Check: line endings in Makefiles
Result: NOTE
    Found the following Makefile(s) without a final LF:
     inst/doc/Makefile
    Some 'make' programs ignore lines not ending in LF.
Flavor: r-oldrel-windows-ix86+x86_64

Version: 4.2-0
Check: files in ‘vignettes’
Result: WARN
    Files in the 'vignettes' directory newer than same file in 'inst/doc':
     'figure/glmnet-diagnostic.pdf', 'figure/roc-plot.pdf'
    The following files look like leftovers/mistakes:
     'Causata-vignette.log'
    Please remove them from your package.
    The following directory looks like a leftover from 'knitr':
     'figure'
    Please remove from your package.
Flavor: r-oldrel-windows-ix86+x86_64