CRAN Package Check Results for Package CenBAR

Last updated on 2021-05-06 21:49:23 CEST.

Flavor Version Tinstall Tcheck Ttotal Status Flags
r-devel-linux-x86_64-debian-clang 0.1.1 9.17 71.67 80.84 OK
r-devel-linux-x86_64-debian-gcc 0.1.1 6.43 56.09 62.52 OK
r-devel-linux-x86_64-fedora-clang 0.1.1 107.50 OK
r-devel-linux-x86_64-fedora-gcc 0.1.1 98.08 OK
r-devel-windows-ix86+x86_64 0.1.1 15.00 96.00 111.00 OK
r-devel-windows-x86_64-gcc10-UCRT 0.1.1 OK
r-patched-linux-x86_64 0.1.1 7.81 70.99 78.80 OK
r-patched-solaris-x86 0.1.1 145.20 OK
r-release-linux-x86_64 0.1.1 6.88 66.21 73.09 OK
r-release-macos-x86_64 0.1.1 OK
r-release-windows-ix86+x86_64 0.1.1 13.00 71.00 84.00 OK
r-oldrel-macos-x86_64 0.1.1 OK
r-oldrel-windows-ix86+x86_64 0.1.1 15.00 4.00 19.00 ERROR

Check Details

Version: 0.1.1
Check: whether package can be installed
Result: ERROR
    Installation failed.
Flavor: r-oldrel-windows-ix86+x86_64