CRAN Package Check Results for Package CensMFM

Last updated on 2023-12-08 08:52:54 CET.

Flavor Version Tinstall Tcheck Ttotal Status Flags
r-devel-linux-x86_64-debian-clang 3.0 9.98 72.64 82.62 NOTE
r-devel-linux-x86_64-debian-gcc 3.0 8.10 53.08 61.18 NOTE
r-devel-linux-x86_64-fedora-clang 3.0 102.39 NOTE
r-devel-linux-x86_64-fedora-gcc 3.0 96.42 NOTE
r-devel-windows-x86_64 3.0 10.00 70.00 80.00 NOTE
r-patched-linux-x86_64 3.0 8.85 69.42 78.27 OK
r-release-linux-x86_64 3.0 11.58 67.28 78.86 OK
r-release-macos-arm64 3.0 33.00 OK
r-release-macos-x86_64 3.0 47.00 OK
r-release-windows-x86_64 3.0 13.00 79.00 92.00 OK
r-oldrel-macos-arm64 3.0 28.00 OK
r-oldrel-macos-x86_64 3.0 41.00 OK
r-oldrel-windows-x86_64 3.0 13.00 82.00 95.00 OK

Check Details

Version: 3.0
Check: Rd files
Result: NOTE checkRd: (-1) rMMSN.contour.Rd:20: Lost braces 20 | is an object resultant from the code{\link{fit.FMMSNC}} function. | ^ Flavors: r-devel-linux-x86_64-debian-clang, r-devel-linux-x86_64-debian-gcc

Version: 3.0
Check: Rd contents
Result: NOTE Auto-generated content requiring editing in Rd file 'CensMFM-package.Rd': \details: ‘...o use the package, including the most important functions ~~’ Flavors: r-devel-linux-x86_64-debian-clang, r-devel-linux-x86_64-debian-gcc, r-devel-linux-x86_64-fedora-clang, r-devel-linux-x86_64-fedora-gcc, r-devel-windows-x86_64