CRAN Package Check Results for Package CensMixReg

Last updated on 2018-10-20 03:50:10 CEST.

Flavor Version Tinstall Tcheck Ttotal Status Flags
r-devel-linux-x86_64-debian-clang 3.1 12.82 111.18 124.00 OK
r-devel-linux-x86_64-debian-gcc 3.1 10.77 86.85 97.62 OK
r-devel-linux-x86_64-fedora-clang 3.1 146.47 OK
r-devel-linux-x86_64-fedora-gcc 3.1 141.66 OK
r-devel-windows-ix86+x86_64 3.1 31.00 111.00 142.00 OK
r-patched-linux-x86_64 3.1 12.09 93.66 105.75 OK
r-patched-solaris-x86 3.1 186.80 OK
r-release-linux-x86_64 3.1 9.05 94.47 103.52 OK
r-release-windows-ix86+x86_64 3.1 32.00 160.00 192.00 WARN
r-release-osx-x86_64 3.1 OK
r-oldrel-windows-ix86+x86_64 3.1 15.00 157.00 172.00 OK
r-oldrel-osx-x86_64 3.1 OK

Check Details

Version: 3.1
Check: whether package can be installed
Result: WARN
    Found the following significant warnings:
     Warning: S3 methods '[.fun_list', '[.grouped_df', 'all.equal.tbl_df', 'anti_join.data.frame', 'anti_join.tbl_df', 'arrange.data.frame', 'arrange.default', 'arrange.grouped_df', 'arrange.tbl_df', 'arrange_.data.frame', 'arrange_.tbl_df', 'as.data.frame.grouped_df', 'as.data.frame.rowwise_df', 'as.data.frame.tbl_cube', 'as.data.frame.tbl_df', 'as.table.tbl_cube', 'as.tbl.data.frame', 'as.tbl.tbl', 'as.tbl_cube.array', 'as.tbl_cube.data.frame', 'as.tbl_cube.matrix', 'as.tbl_cube.table', 'as_data_frame.grouped_df', 'as_data_frame.tbl_cube', 'auto_copy.tbl_cube', 'auto_copy.tbl_df', 'cbind.grouped_df', 'collapse.data.frame', 'collect.data.frame', 'common_by.NULL', 'common_by.character', 'common_by.default', 'common_by.list', 'compute.data.frame', 'copy_to.DBIConnection', 'copy_to.src_local', 'default_missing.data.frame', 'default_missing.default', 'dim.tbl_cube', 'distinct.data.frame', 'distinct.default', 'distinct.grouped_df', 'distinct.tbl_df', 'distinct_.data.frame', 'distinct_.grouped_df', 'dist [... truncated]
Flavor: r-release-windows-ix86+x86_64