CRAN Package Check Results for Package Census2016

Last updated on 2018-08-22 04:48:59 CEST.

Flavor Version Tinstall Tcheck Ttotal Status Flags
r-devel-linux-x86_64-debian-clang 0.2.0 6.56 48.47 55.03 OK
r-devel-linux-x86_64-debian-gcc 0.2.0 6.60 39.25 45.85 OK
r-devel-linux-x86_64-fedora-clang 0.2.0 59.76 NOTE
r-devel-linux-x86_64-fedora-gcc 0.2.0 57.55 NOTE
r-devel-windows-ix86+x86_64 0.2.0 10.00 49.00 59.00 OK
r-patched-linux-x86_64 0.2.0 6.94 44.98 51.92 OK
r-patched-solaris-x86 0.2.0 76.10 NOTE
r-release-linux-x86_64 0.2.0 6.81 45.38 52.19 OK
r-release-windows-ix86+x86_64 0.2.0 13.00 52.00 65.00 OK
r-release-osx-x86_64 0.2.0 NOTE
r-oldrel-windows-ix86+x86_64 0.2.0 10.00 48.00 58.00 OK
r-oldrel-osx-x86_64 0.2.0 NOTE

Check Details

Version: 0.2.0
Check: dependencies in R code
Result: NOTE
    Namespace in Imports field not imported from: ‘data.table’
     All declared Imports should be used.
Flavors: r-devel-linux-x86_64-fedora-clang, r-devel-linux-x86_64-fedora-gcc, r-patched-solaris-x86, r-release-osx-x86_64, r-oldrel-osx-x86_64