CRAN Package Check Results for Package Census2016

Last updated on 2018-05-22 15:48:23 CEST.

Flavor Version Tinstall Tcheck Ttotal Status Flags
r-devel-linux-x86_64-debian-clang 0.2.0 6.21 48.39 54.60 OK
r-devel-linux-x86_64-debian-gcc 0.2.0 5.80 38.79 44.59 OK
r-devel-linux-x86_64-fedora-clang 0.2.0 66.18 NOTE
r-devel-linux-x86_64-fedora-gcc 0.2.0 65.42 NOTE
r-devel-windows-ix86+x86_64 0.2.0 13.00 65.00 78.00 OK
r-patched-linux-x86_64 0.2.0 6.49 45.29 51.78 OK
r-patched-solaris-x86 0.2.0 74.10 NOTE
r-release-linux-x86_64 0.2.0 6.31 46.07 52.38 OK
r-release-windows-ix86+x86_64 0.2.0 13.00 70.00 83.00 OK
r-release-osx-x86_64 0.2.0 NOTE
r-oldrel-windows-ix86+x86_64 0.2.0 13.00 68.00 81.00 OK
r-oldrel-osx-x86_64 0.2.0 NOTE

Check Details

Version: 0.2.0
Check: dependencies in R code
Result: NOTE
    Namespace in Imports field not imported from: ‘data.table’
     All declared Imports should be used.
Flavors: r-devel-linux-x86_64-fedora-clang, r-devel-linux-x86_64-fedora-gcc, r-patched-solaris-x86, r-release-osx-x86_64, r-oldrel-osx-x86_64