CRAN Package Check Results for Package Census2016

Last updated on 2018-11-14 18:47:44 CET.

Flavor Version Tinstall Tcheck Ttotal Status Flags
r-devel-linux-x86_64-debian-clang 0.2.0 6.06 42.84 48.90 OK
r-devel-linux-x86_64-debian-gcc 0.2.0 6.10 34.51 40.61 OK
r-devel-linux-x86_64-fedora-clang 0.2.0 61.13 NOTE
r-devel-linux-x86_64-fedora-gcc 0.2.0 58.23 NOTE
r-devel-windows-ix86+x86_64 0.2.0 10.00 56.00 66.00 OK
r-patched-linux-x86_64 0.2.0 6.76 38.76 45.52 OK
r-patched-solaris-x86 0.2.0 74.40 NOTE
r-release-linux-x86_64 0.2.0 6.22 38.44 44.66 OK
r-release-windows-ix86+x86_64 0.2.0 13.00 53.00 66.00 OK
r-release-osx-x86_64 0.2.0 NOTE
r-oldrel-windows-ix86+x86_64 0.2.0 14.00 73.00 87.00 OK
r-oldrel-osx-x86_64 0.2.0 NOTE

Check Details

Version: 0.2.0
Check: dependencies in R code
Result: NOTE
    Namespace in Imports field not imported from: ‘data.table’
     All declared Imports should be used.
Flavors: r-devel-linux-x86_64-fedora-clang, r-devel-linux-x86_64-fedora-gcc, r-patched-solaris-x86, r-release-osx-x86_64, r-oldrel-osx-x86_64