CRAN Package Check Results for Package Census2016

Last updated on 2019-02-15 20:46:40 CET.

Flavor Version Tinstall Tcheck Ttotal Status Flags
r-devel-linux-x86_64-debian-clang 0.2.0 6.62 43.85 50.47 OK
r-devel-linux-x86_64-debian-gcc 0.2.0 6.51 34.48 40.99 OK
r-devel-linux-x86_64-fedora-clang 0.2.0 65.23 NOTE
r-devel-linux-x86_64-fedora-gcc 0.2.0 59.30 NOTE
r-devel-windows-ix86+x86_64 0.2.0 18.00 283.00 301.00 OK
r-patched-linux-x86_64 0.2.0 6.94 39.49 46.43 OK
r-patched-solaris-x86 0.2.0 76.20 NOTE
r-release-linux-x86_64 0.2.0 7.40 40.09 47.49 OK
r-release-windows-ix86+x86_64 0.2.0 10.00 49.00 59.00 OK
r-release-osx-x86_64 0.2.0 NOTE
r-oldrel-windows-ix86+x86_64 0.2.0 15.00 109.00 124.00 OK
r-oldrel-osx-x86_64 0.2.0 NOTE

Check Details

Version: 0.2.0
Check: dependencies in R code
Result: NOTE
    Namespace in Imports field not imported from: ‘data.table’
     All declared Imports should be used.
Flavors: r-devel-linux-x86_64-fedora-clang, r-devel-linux-x86_64-fedora-gcc, r-patched-solaris-x86, r-release-osx-x86_64, r-oldrel-osx-x86_64