CRAN Package Check Results for Package Census2016

Last updated on 2018-02-22 11:57:38 CET.

Flavor Version Tinstall Tcheck Ttotal Status Flags
r-devel-linux-x86_64-debian-clang 0.2.0 6.71 39.26 45.97 OK
r-devel-linux-x86_64-debian-gcc 0.2.0 5.52 35.83 41.35 OK
r-devel-linux-x86_64-fedora-clang 0.2.0 62.56 NOTE
r-devel-linux-x86_64-fedora-gcc 0.2.0 61.79 NOTE
r-devel-windows-ix86+x86_64 0.2.0 13.00 47.00 60.00 OK
r-patched-linux-x86_64 0.2.0 7.20 50.02 57.22 OK
r-patched-solaris-x86 0.2.0 75.20 NOTE
r-release-linux-x86_64 0.2.0 7.00 49.85 56.85 OK
r-release-windows-ix86+x86_64 0.2.0 8.00 68.00 76.00 OK
r-release-osx-x86_64 0.2.0 NOTE
r-oldrel-windows-ix86+x86_64 0.2.0 9.00 48.00 57.00 OK
r-oldrel-osx-x86_64 0.2.0 NOTE

Check Details

Version: 0.2.0
Check: dependencies in R code
Result: NOTE
    Namespace in Imports field not imported from: ‘data.table’
     All declared Imports should be used.
Flavors: r-devel-linux-x86_64-fedora-clang, r-devel-linux-x86_64-fedora-gcc, r-patched-solaris-x86, r-release-osx-x86_64, r-oldrel-osx-x86_64