CRAN Package Check Results for Package ChainLadder

Last updated on 2018-08-19 04:46:47 CEST.

Flavor Version Tinstall Tcheck Ttotal Status Flags
r-devel-linux-x86_64-debian-clang 0.2.6 19.62 247.24 266.86 OK
r-devel-linux-x86_64-debian-gcc 0.2.6 14.81 190.85 205.66 OK
r-devel-linux-x86_64-fedora-clang 0.2.6 298.26 OK
r-devel-linux-x86_64-fedora-gcc 0.2.6 294.61 OK
r-devel-windows-ix86+x86_64 0.2.6 44.00 331.00 375.00 OK
r-patched-linux-x86_64 0.2.6 13.75 223.64 237.39 OK
r-patched-solaris-x86 0.2.6 384.60 OK
r-release-linux-x86_64 0.2.6 14.24 225.46 239.70 OK
r-release-windows-ix86+x86_64 0.2.6 36.00 312.00 348.00 OK
r-release-osx-x86_64 0.2.6 OK
r-oldrel-windows-ix86+x86_64 0.2.6 18.00 233.00 251.00 WARN
r-oldrel-osx-x86_64 0.2.6 OK

Check Details

Version: 0.2.6
Check: whether package can be installed
Result: WARN
    Found the following significant warnings:
     Warning: S3 methods '[.fun_list', '[.grouped_df', 'all.equal.tbl_df', 'anti_join.data.frame', 'anti_join.tbl_df', 'arrange.data.frame', 'arrange.default', 'arrange.grouped_df', 'arrange.tbl_df', 'arrange_.data.frame', 'arrange_.tbl_df', 'as.data.frame.grouped_df', 'as.data.frame.rowwise_df', 'as.data.frame.tbl_cube', 'as.data.frame.tbl_df', 'as.table.tbl_cube', 'as.tbl.data.frame', 'as.tbl.tbl', 'as.tbl_cube.array', 'as.tbl_cube.data.frame', 'as.tbl_cube.matrix', 'as.tbl_cube.table', 'as_data_frame.grouped_df', 'as_data_frame.tbl_cube', 'auto_copy.tbl_cube', 'auto_copy.tbl_df', 'cbind.grouped_df', 'collapse.data.frame', 'collect.data.frame', 'common_by.NULL', 'common_by.character', 'common_by.default', 'common_by.list', 'compute.data.frame', 'copy_to.DBIConnection', 'copy_to.src_local', 'default_missing.data.frame', 'default_missing.default', 'dim.tbl_cube', 'distinct.data.frame', 'distinct.default', 'distinct.grouped_df', 'distinct.tbl_df', 'distinct_.data.frame', 'distinct_.grouped_df', 'dist [... truncated]
Flavor: r-oldrel-windows-ix86+x86_64