CRAN Package Check Results for Package ChainLadder

Last updated on 2018-11-18 14:46:28 CET.

Flavor Version Tinstall Tcheck Ttotal Status Flags
r-devel-linux-x86_64-debian-clang 0.2.8 16.14 235.33 251.47 OK
r-devel-linux-x86_64-debian-gcc 0.2.8 13.56 182.35 195.91 OK
r-devel-linux-x86_64-fedora-clang 0.2.8 296.03 OK
r-devel-linux-x86_64-fedora-gcc 0.2.8 294.85 OK
r-devel-windows-ix86+x86_64 0.2.8 36.00 325.00 361.00 OK
r-patched-linux-x86_64 0.2.8 15.88 230.94 246.82 OK
r-patched-solaris-x86 0.2.8 352.50 OK
r-release-linux-x86_64 0.2.8 16.15 229.92 246.07 OK
r-release-windows-ix86+x86_64 0.2.8 39.00 337.00 376.00 WARN
r-release-osx-x86_64 0.2.8 OK
r-oldrel-windows-ix86+x86_64 0.2.8 18.00 246.00 264.00 OK
r-oldrel-osx-x86_64 0.2.8 OK

Check Details

Version: 0.2.8
Check: whether package can be installed
Result: WARN
    Found the following significant warnings:
     Warning: S3 methods '[.fun_list', '[.grouped_df', 'all.equal.tbl_df', 'anti_join.data.frame', 'anti_join.tbl_df', 'arrange.data.frame', 'arrange.default', 'arrange.grouped_df', 'arrange.tbl_df', 'arrange_.data.frame', 'arrange_.tbl_df', 'as.data.frame.grouped_df', 'as.data.frame.rowwise_df', 'as.data.frame.tbl_cube', 'as.table.tbl_cube', 'as.tbl.data.frame', 'as.tbl.tbl', 'as.tbl_cube.array', 'as.tbl_cube.data.frame', 'as.tbl_cube.matrix', 'as.tbl_cube.table', 'as_tibble.grouped_df', 'as_tibble.tbl_cube', 'auto_copy.tbl_cube', 'auto_copy.tbl_df', 'cbind.grouped_df', 'collapse.data.frame', 'collect.data.frame', 'common_by.NULL', 'common_by.character', 'common_by.default', 'common_by.list', 'compute.data.frame', 'copy_to.DBIConnection', 'copy_to.src_local', 'default_missing.data.frame', 'default_missing.default', 'dim.tbl_cube', 'distinct.data.frame', 'distinct.default', 'distinct.grouped_df', 'distinct.tbl_df', 'distinct_.data.frame', 'distinct_.grouped_df', 'distinct_.tbl_df', 'do.NULL', 'do.da [... truncated]
Flavor: r-release-windows-ix86+x86_64