CRAN Package Check Results for Package ChannelAttributionApp

Last updated on 2022-05-26 18:48:59 CEST.

Flavor Version Tinstall Tcheck Ttotal Status Flags
r-devel-linux-x86_64-debian-clang 1.3 6.40 74.18 80.58 NOTE
r-devel-linux-x86_64-debian-gcc 1.3 6.06 61.60 67.66 NOTE
r-devel-linux-x86_64-fedora-clang 1.3 96.43 NOTE
r-devel-linux-x86_64-fedora-gcc 1.3 96.13 NOTE
r-devel-windows-x86_64 1.3 27.00 86.00 113.00 NOTE
r-patched-linux-x86_64 1.3 7.12 67.10 74.22 NOTE
r-release-linux-x86_64 1.3 5.63 67.68 73.31 NOTE
r-release-macos-arm64 1.3 26.00 NOTE
r-release-macos-x86_64 1.3 48.00 NOTE
r-release-windows-x86_64 1.3 24.00 85.00 109.00 NOTE
r-oldrel-macos-arm64 1.3 30.00 NOTE
r-oldrel-macos-x86_64 1.3 56.00 NOTE
r-oldrel-windows-ix86+x86_64 1.3 18.00 82.00 100.00 NOTE

Check Details

Version: 1.3
Check: LazyData
Result: NOTE
     'LazyData' is specified without a 'data' directory
Flavors: r-devel-linux-x86_64-debian-clang, r-devel-linux-x86_64-debian-gcc, r-devel-linux-x86_64-fedora-clang, r-devel-linux-x86_64-fedora-gcc, r-devel-windows-x86_64, r-patched-linux-x86_64, r-release-linux-x86_64, r-release-macos-arm64, r-release-macos-x86_64, r-release-windows-x86_64, r-oldrel-macos-arm64, r-oldrel-macos-x86_64, r-oldrel-windows-ix86+x86_64