CRAN Package Check Results for Package ChemoSpec

Last updated on 2018-05-22 13:46:20 CEST.

Flavor Version Tinstall Tcheck Ttotal Status Flags
r-devel-linux-x86_64-debian-clang 4.4.97 4.00 93.54 97.54 OK
r-devel-linux-x86_64-debian-gcc 4.4.97 4.66 71.27 75.93 OK
r-devel-linux-x86_64-fedora-clang 4.4.97 122.21 OK
r-devel-linux-x86_64-fedora-gcc 4.4.97 116.82 OK
r-devel-windows-ix86+x86_64 4.4.97 13.00 105.00 118.00 OK
r-patched-linux-x86_64 4.4.97 4.62 90.04 94.66 OK
r-patched-solaris-x86 4.4.97 150.90 OK
r-release-linux-x86_64 4.4.97 5.24 88.73 93.97 OK
r-release-windows-ix86+x86_64 4.4.97 13.00 146.00 159.00 OK
r-release-osx-x86_64 4.4.97 OK
r-oldrel-windows-ix86+x86_64 4.4.97 11.00 158.00 169.00 OK
r-oldrel-osx-x86_64 4.4.97 NOTE

Check Details

Version: 4.4.97
Check: package dependencies
Result: NOTE
    Package suggested but not available for checking: ‘speaq’
Flavor: r-oldrel-osx-x86_64