CRAN Package Check Results for Package ChemoSpec

Last updated on 2020-02-24 15:47:50 CET.

Flavor Version Tinstall Tcheck Ttotal Status Flags
r-devel-linux-x86_64-debian-clang 5.2.12 7.00 120.27 127.27 OK
r-devel-linux-x86_64-debian-gcc 5.2.12 5.52 93.65 99.17 OK
r-devel-linux-x86_64-fedora-clang 5.2.12 162.54 OK
r-devel-linux-x86_64-fedora-gcc 5.2.12 153.09 OK
r-devel-windows-ix86+x86_64 5.2.12 11.00 134.00 145.00 OK
r-devel-windows-ix86+x86_64-gcc8 5.2.12 18.00 180.00 198.00 OK
r-patched-linux-x86_64 5.2.12 OK
r-patched-solaris-x86 5.2.12 146.40 OK
r-release-linux-x86_64 5.2.12 4.83 113.85 118.68 OK
r-release-windows-ix86+x86_64 5.2.12 12.00 120.00 132.00 OK
r-release-osx-x86_64 5.2.12 NOTE
r-oldrel-windows-ix86+x86_64 5.2.12 9.00 128.00 137.00 OK
r-oldrel-osx-x86_64 5.2.12 NOTE

Check Details

Version: 5.2.12
Check: dependencies in R code
Result: NOTE
    No protocol specified
Flavors: r-release-osx-x86_64, r-oldrel-osx-x86_64