CRAN Package Check Results for Package ChemoSpec

Last updated on 2018-08-21 16:50:17 CEST.

Flavor Version Tinstall Tcheck Ttotal Status Flags
r-devel-linux-x86_64-debian-clang 4.4.97 6.43 94.77 101.20 OK
r-devel-linux-x86_64-debian-gcc 4.4.97 5.06 73.43 78.49 OK
r-devel-linux-x86_64-fedora-clang 4.4.97 115.76 OK
r-devel-linux-x86_64-fedora-gcc 4.4.97 113.94 OK
r-devel-windows-ix86+x86_64 4.4.97 11.00 143.00 154.00 OK
r-patched-linux-x86_64 4.4.97 5.91 90.64 96.55 OK
r-patched-solaris-x86 4.4.97 154.20 OK
r-release-linux-x86_64 4.4.97 6.31 90.57 96.88 OK
r-release-windows-ix86+x86_64 4.4.97 11.00 113.00 124.00 OK
r-release-osx-x86_64 4.4.97 OK
r-oldrel-windows-ix86+x86_64 4.4.97 9.00 110.00 119.00 OK
r-oldrel-osx-x86_64 4.4.97 NOTE

Check Details

Version: 4.4.97
Check: package dependencies
Result: NOTE
    Package suggested but not available for checking: ‘speaq’
Flavor: r-oldrel-osx-x86_64