CRAN Package Check Results for Package ChineseNames

Last updated on 2022-08-18 01:49:21 CEST.

Flavor Version Tinstall Tcheck Ttotal Status Flags
r-devel-linux-x86_64-debian-clang 1.1.1 8.27 58.08 66.35 OK
r-devel-linux-x86_64-debian-gcc 1.1.1 OK
r-devel-linux-x86_64-fedora-clang 1.1.1 90.87 NOTE
r-devel-linux-x86_64-fedora-gcc 1.1.1 47.08 NOTE
r-devel-windows-x86_64 1.1.1 8.00 86.00 94.00 OK
r-patched-linux-x86_64 1.1.1 6.03 54.62 60.65 OK
r-release-linux-x86_64 1.1.1 7.23 55.08 62.31 OK
r-release-macos-arm64 1.1.1 26.00 NOTE
r-release-macos-x86_64 1.1.1 46.00 NOTE
r-release-windows-x86_64 1.1.1 8.00 84.00 92.00 OK
r-oldrel-macos-arm64 1.1.1 121.00 NOTE
r-oldrel-macos-x86_64 1.1.1 36.00 NOTE
r-oldrel-windows-ix86+x86_64 1.1.1 19.00 84.00 103.00 OK

Check Details

Version: 1.1.1
Check: data for non-ASCII characters
Result: NOTE
     Note: found 8119 marked UTF-8 strings
Flavors: r-devel-linux-x86_64-fedora-clang, r-devel-linux-x86_64-fedora-gcc, r-release-macos-arm64, r-release-macos-x86_64, r-oldrel-macos-arm64, r-oldrel-macos-x86_64