CRAN Package Check Results for Package CircSpaceTime

Last updated on 2022-07-03 04:48:57 CEST.

Flavor Version Tinstall Tcheck Ttotal Status Flags
r-devel-linux-x86_64-debian-clang 0.9.0 161.42 50.47 211.89 OK
r-devel-linux-x86_64-debian-gcc 0.9.0 129.74 38.24 167.98 OK
r-devel-linux-x86_64-fedora-clang 0.9.0 346.90 NOTE
r-devel-linux-x86_64-fedora-gcc 0.9.0 296.84 NOTE
r-devel-windows-x86_64 0.9.0 133.00 107.00 240.00 OK
r-patched-linux-x86_64 0.9.0 139.46 48.41 187.87 OK
r-release-linux-x86_64 0.9.0 139.59 49.16 188.75 OK
r-release-macos-arm64 0.9.0 69.00 NOTE
r-release-macos-x86_64 0.9.0 120.00 NOTE
r-release-windows-x86_64 0.9.0 142.00 107.00 249.00 OK
r-oldrel-macos-arm64 0.9.0 78.00 NOTE
r-oldrel-macos-x86_64 0.9.0 147.00 NOTE
r-oldrel-windows-ix86+x86_64 0.9.0 418.00 132.00 550.00 NOTE

Check Details

Version: 0.9.0
Check: installed package size
Result: NOTE
     installed size is 6.2Mb
     sub-directories of 1Mb or more:
     data 1.8Mb
     libs 3.8Mb
Flavors: r-devel-linux-x86_64-fedora-clang, r-release-macos-arm64, r-release-macos-x86_64, r-oldrel-macos-arm64, r-oldrel-macos-x86_64, r-oldrel-windows-ix86+x86_64

Version: 0.9.0
Check: dependencies in R code
Result: NOTE
    Namespaces in Imports field not imported from:
     ‘RInside’ ‘circular’
     All declared Imports should be used.
Flavors: r-devel-linux-x86_64-fedora-clang, r-devel-linux-x86_64-fedora-gcc, r-release-macos-arm64, r-release-macos-x86_64, r-oldrel-macos-arm64, r-oldrel-macos-x86_64