CRAN Package Check Results for Package CityWaterBalance

Last updated on 2018-02-19 00:47:00 CET.

Flavor Version Tinstall Tcheck Ttotal Status Flags
r-devel-linux-x86_64-debian-clang 0.1.0 4.65 57.43 62.08 OK
r-devel-linux-x86_64-debian-gcc 0.1.0 4.20 50.02 54.22 OK
r-devel-linux-x86_64-fedora-clang 0.1.0 81.00 OK
r-devel-linux-x86_64-fedora-gcc 0.1.0 79.32 OK
r-devel-windows-ix86+x86_64 0.1.0 9.00 77.00 86.00 OK
r-patched-linux-x86_64 0.1.0 4.09 0.42 4.51 FAIL
r-patched-solaris-x86 0.1.0 117.40 OK
r-release-linux-x86_64 0.1.0 4.13 69.78 73.91 OK
r-release-windows-ix86+x86_64 0.1.0 16.00 114.00 130.00 OK
r-release-osx-x86_64 0.1.0 OK
r-oldrel-windows-ix86+x86_64 0.1.0 8.00 111.00 119.00 OK
r-oldrel-osx-x86_64 0.1.0 OK

Check Details

Version: 0.1.0
Check: package dependencies
Result: FAIL
    
Flavor: r-patched-linux-x86_64