CRAN Package Check Results for Package ClickClust

Last updated on 2018-06-23 16:46:31 CEST.

Flavor Version Tinstall Tcheck Ttotal Status Flags
r-devel-linux-x86_64-debian-clang 1.1.5 4.31 30.61 34.92 NOTE
r-devel-linux-x86_64-debian-gcc 1.1.5 3.49 23.29 26.78 NOTE
r-devel-linux-x86_64-fedora-clang 1.1.5 41.86 NOTE
r-devel-linux-x86_64-fedora-gcc 1.1.5 38.83 NOTE
r-devel-windows-ix86+x86_64 1.1.5 19.00 65.00 84.00 OK
r-patched-linux-x86_64 1.1.5 3.87 29.32 33.19 NOTE
r-patched-solaris-x86 1.1.5 57.30 OK
r-release-linux-x86_64 1.1.5 3.94 28.79 32.73 NOTE
r-release-windows-ix86+x86_64 1.1.5 21.00 62.00 83.00 OK
r-release-osx-x86_64 1.1.5 OK
r-oldrel-windows-ix86+x86_64 1.1.5 11.00 49.00 60.00 OK
r-oldrel-osx-x86_64 1.1.5 OK

Check Details

Version: 1.1.5
Check: compiled code
Result: NOTE
    File ‘ClickClust/libs/ClickClust.so’:
     Found no calls to: ‘R_registerRoutines’, ‘R_useDynamicSymbols’
    
    It is good practice to register native routines and to disable symbol
    search.
    
    See ‘Writing portable packages’ in the ‘Writing R Extensions’ manual.
Flavors: r-devel-linux-x86_64-debian-clang, r-devel-linux-x86_64-debian-gcc, r-devel-linux-x86_64-fedora-clang, r-devel-linux-x86_64-fedora-gcc, r-patched-linux-x86_64, r-release-linux-x86_64