CRAN Package Check Results for Package ClickClust

Last updated on 2018-12-10 00:46:42 CET.

Flavor Version Tinstall Tcheck Ttotal Status Flags
r-devel-linux-x86_64-debian-clang 1.1.5 5.00 30.49 35.49 OK
r-devel-linux-x86_64-debian-gcc 1.1.5 3.11 23.27 26.38 OK
r-devel-linux-x86_64-fedora-clang 1.1.5 41.70 NOTE
r-devel-linux-x86_64-fedora-gcc 1.1.5 41.86 NOTE
r-devel-windows-ix86+x86_64 1.1.5 20.00 67.00 87.00 OK
r-patched-linux-x86_64 1.1.5 4.75 28.97 33.72 OK
r-patched-solaris-x86 1.1.5 58.70 OK
r-release-linux-x86_64 1.1.5 4.22 28.99 33.21 OK
r-release-windows-ix86+x86_64 1.1.5 21.00 62.00 83.00 OK
r-release-osx-x86_64 1.1.5 OK
r-oldrel-windows-ix86+x86_64 1.1.5 11.00 51.00 62.00 OK
r-oldrel-osx-x86_64 1.1.5 OK

Check Details

Version: 1.1.5
Check: compiled code
Result: NOTE
    File ‘ClickClust/libs/ClickClust.so’:
     Found no calls to: ‘R_registerRoutines’, ‘R_useDynamicSymbols’
    
    It is good practice to register native routines and to disable symbol
    search.
    
    See ‘Writing portable packages’ in the ‘Writing R Extensions’ manual.
Flavors: r-devel-linux-x86_64-fedora-clang, r-devel-linux-x86_64-fedora-gcc