CRAN Package Check Results for Package ClickClust

Last updated on 2018-09-22 06:46:40 CEST.

Flavor Version Tinstall Tcheck Ttotal Status Flags
r-devel-linux-x86_64-debian-clang 1.1.5 4.99 30.17 35.16 OK
r-devel-linux-x86_64-debian-gcc 1.1.5 3.85 23.82 27.67 OK
r-devel-linux-x86_64-fedora-clang 1.1.5 42.35 NOTE
r-devel-linux-x86_64-fedora-gcc 1.1.5 40.24 NOTE
r-devel-windows-ix86+x86_64 1.1.5 13.00 52.00 65.00 OK
r-patched-linux-x86_64 1.1.5 4.09 28.87 32.96 OK
r-patched-solaris-x86 1.1.5 56.40 OK
r-release-linux-x86_64 1.1.5 4.31 28.73 33.04 OK
r-release-windows-ix86+x86_64 1.1.5 21.00 62.00 83.00 OK
r-release-osx-x86_64 1.1.5 OK
r-oldrel-windows-ix86+x86_64 1.1.5 11.00 49.00 60.00 OK
r-oldrel-osx-x86_64 1.1.5 OK

Check Details

Version: 1.1.5
Check: compiled code
Result: NOTE
    File ‘ClickClust/libs/ClickClust.so’:
     Found no calls to: ‘R_registerRoutines’, ‘R_useDynamicSymbols’
    
    It is good practice to register native routines and to disable symbol
    search.
    
    See ‘Writing portable packages’ in the ‘Writing R Extensions’ manual.
Flavors: r-devel-linux-x86_64-fedora-clang, r-devel-linux-x86_64-fedora-gcc