Last updated on 2021-04-14 15:47:55 CEST.
Flavor | Version | Tinstall | Tcheck | Ttotal | Status | Flags |
---|---|---|---|---|---|---|
r-devel-linux-x86_64-debian-clang | 1.0.2 | 5.96 | 464.41 | 470.37 | NOTE | |
r-devel-linux-x86_64-debian-gcc | 1.0.2 | 4.98 | 332.47 | 337.45 | NOTE | |
r-devel-linux-x86_64-fedora-clang | 1.0.2 | 525.01 | NOTE | |||
r-devel-linux-x86_64-fedora-gcc | 1.0.2 | 532.08 | NOTE | |||
r-devel-windows-ix86+x86_64 | 1.0.2 | 13.00 | 57.00 | 70.00 | NOTE | --no-examples --no-tests --no-vignettes |
r-devel-windows-x86_64-gcc10-UCRT | 1.0.2 | NOTE | ||||
r-patched-linux-x86_64 | 1.0.2 | 6.86 | 426.45 | 433.31 | OK | |
r-patched-solaris-x86 | 1.0.2 | 719.80 | OK | |||
r-release-linux-x86_64 | 1.0.2 | 5.94 | 428.07 | 434.01 | OK | |
r-release-macos-x86_64 | 1.0.2 | OK | ||||
r-release-windows-ix86+x86_64 | 1.0.2 | 12.00 | 11.00 | 23.00 | ERROR | --no-examples --no-tests --no-vignettes |
r-oldrel-macos-x86_64 | 1.0.2 | OK | ||||
r-oldrel-windows-ix86+x86_64 | 1.0.2 | 11.00 | 43.00 | 54.00 | OK | --no-examples --no-tests --no-vignettes |
Version: 1.0.2
Check: LazyData
Result: NOTE
'LazyData' is specified without a 'data' directory
Flavors: r-devel-linux-x86_64-debian-clang, r-devel-linux-x86_64-debian-gcc, r-devel-linux-x86_64-fedora-clang, r-devel-linux-x86_64-fedora-gcc, r-devel-windows-x86_64-gcc10-UCRT
Version: 1.0.2
Flags: --no-examples --no-tests --no-vignettes
Check: LazyData
Result: NOTE
'LazyData' is specified without a 'data' directory
Flavor: r-devel-windows-ix86+x86_64
Version: 1.0.2
Flags: --no-examples --no-tests --no-vignettes
Check: whether package can be installed
Result: ERROR
See * DONE
Flavor: r-release-windows-ix86+x86_64