CRAN Package Check Results for Package CliquePercolation

Last updated on 2022-07-05 00:52:11 CEST.

Flavor Version Tinstall Tcheck Ttotal Status Flags
r-devel-linux-x86_64-debian-clang 0.3.0 4.35 123.80 128.15 OK
r-devel-linux-x86_64-debian-gcc 0.3.0 2.89 87.82 90.71 OK
r-devel-linux-x86_64-fedora-clang 0.3.0 159.68 WARN
r-devel-linux-x86_64-fedora-gcc 0.3.0 157.17 WARN
r-devel-windows-x86_64 0.3.0 54.00 163.00 217.00 OK
r-patched-linux-x86_64 0.3.0 2.74 117.97 120.71 OK
r-release-linux-x86_64 0.3.0 2.64 118.42 121.06 OK
r-release-macos-arm64 0.3.0 46.00 OK
r-release-macos-x86_64 0.3.0 76.00 OK
r-release-windows-x86_64 0.3.0 58.00 154.00 212.00 OK
r-oldrel-macos-arm64 0.3.0 56.00 OK
r-oldrel-macos-x86_64 0.3.0 136.00 OK
r-oldrel-windows-ix86+x86_64 0.3.0 11.00 154.00 165.00 OK

Check Details

Version: 0.3.0
Check: package dependencies
Result: WARN
    Requires (indirectly) orphaned package: ‘gtools’
Flavors: r-devel-linux-x86_64-fedora-clang, r-devel-linux-x86_64-fedora-gcc