CRAN Package Check Results for Package ClusVis

Last updated on 2020-02-27 17:50:51 CET.

Flavor Version Tinstall Tcheck Ttotal Status Flags
r-devel-linux-x86_64-debian-clang 1.2.0 39.04 80.10 119.14 OK
r-devel-linux-x86_64-debian-gcc 1.2.0 26.83 60.90 87.73 OK
r-devel-linux-x86_64-fedora-clang 1.2.0 157.99 WARN
r-devel-linux-x86_64-fedora-gcc 1.2.0 141.88 OK
r-devel-windows-ix86+x86_64 1.2.0 74.00 126.00 200.00 OK
r-devel-windows-ix86+x86_64-gcc8 1.2.0 89.00 134.00 223.00 OK
r-patched-linux-x86_64 1.2.0 34.64 69.25 103.89 OK
r-patched-solaris-x86 1.2.0 175.10 OK
r-release-linux-x86_64 1.2.0 29.75 68.36 98.11 OK
r-release-windows-ix86+x86_64 1.2.0 80.00 113.00 193.00 OK
r-release-osx-x86_64 1.2.0 OK
r-oldrel-windows-ix86+x86_64 1.2.0 65.00 103.00 168.00 OK
r-oldrel-osx-x86_64 1.2.0 OK

Check Details

Version: 1.2.0
Check: package dependencies
Result: WARN
    Requires orphaned package: ‘Rmixmod’
Flavor: r-devel-linux-x86_64-fedora-clang