CRAN Package Check Results for Package ClussCluster

Last updated on 2020-02-20 21:47:23 CET.

Flavor Version Tinstall Tcheck Ttotal Status Flags
r-devel-linux-x86_64-debian-clang 0.1.0 4.74 55.82 60.56 OK
r-devel-linux-x86_64-debian-gcc 0.1.0 3.90 41.28 45.18 OK
r-devel-linux-x86_64-fedora-clang 0.1.0 73.29 NOTE
r-devel-linux-x86_64-fedora-gcc 0.1.0 69.93 NOTE
r-devel-windows-ix86+x86_64 0.1.0 10.00 70.00 80.00 OK
r-devel-windows-ix86+x86_64-gcc8 0.1.0 22.00 85.00 107.00 OK
r-patched-linux-x86_64 0.1.0 3.93 47.78 51.71 OK
r-patched-solaris-x86 0.1.0 96.80 NOTE
r-release-linux-x86_64 0.1.0 4.11 48.05 52.16 OK
r-release-windows-ix86+x86_64 0.1.0 11.00 65.00 76.00 OK
r-release-osx-x86_64 0.1.0 NOTE
r-oldrel-windows-ix86+x86_64 0.1.0 7.00 63.00 70.00 OK
r-oldrel-osx-x86_64 0.1.0 NOTE

Check Details

Version: 0.1.0
Check: dependencies in R code
Result: NOTE
    Namespace in Imports field not imported from: ‘utils’
     All declared Imports should be used.
Flavors: r-devel-linux-x86_64-fedora-clang, r-devel-linux-x86_64-fedora-gcc, r-patched-solaris-x86, r-release-osx-x86_64, r-oldrel-osx-x86_64