CRAN Package Check Results for Package ClustGeo

Last updated on 2024-03-04 04:51:26 CET.

Flavor Version Tinstall Tcheck Ttotal Status Flags
r-devel-linux-x86_64-debian-clang 2.1 2.74 34.12 36.86 OK
r-devel-linux-x86_64-debian-gcc 2.1 1.73 27.12 28.85 OK
r-devel-linux-x86_64-fedora-clang 2.1 49.11 NOTE
r-devel-linux-x86_64-fedora-gcc 2.1 63.43 NOTE
r-devel-windows-x86_64 2.1 5.00 51.00 56.00 OK
r-patched-linux-x86_64 2.1 3.19 34.83 38.02 OK
r-release-linux-x86_64 2.1 2.03 35.16 37.19 OK
r-release-macos-arm64 2.1 27.00 OK
r-release-macos-x86_64 2.1 40.00 OK
r-release-windows-x86_64 2.1 4.00 56.00 60.00 OK
r-oldrel-macos-arm64 2.1 23.00 NOTE
r-oldrel-windows-x86_64 2.1 5.00 58.00 63.00 OK

Check Details

Version: 2.1
Check: dependencies in R code
Result: NOTE Namespaces in Imports field not imported from: ‘sp’ ‘spdep’ All declared Imports should be used. Flavors: r-devel-linux-x86_64-fedora-clang, r-devel-linux-x86_64-fedora-gcc, r-oldrel-macos-arm64