CRAN Package Check Results for Package ClustGeo

Last updated on 2019-02-16 19:47:18 CET.

Flavor Version Tinstall Tcheck Ttotal Status Flags
r-devel-linux-x86_64-debian-clang 2.0 6.75 88.12 94.87 OK
r-devel-linux-x86_64-debian-gcc 2.0 6.32 74.78 81.10 OK
r-devel-linux-x86_64-fedora-clang 2.0 122.48 OK
r-devel-linux-x86_64-fedora-gcc 2.0 113.06 OK
r-devel-windows-ix86+x86_64 2.0 24.00 117.00 141.00 OK
r-patched-linux-x86_64 2.0 5.16 84.29 89.45 OK
r-patched-solaris-x86 2.0 180.80 OK
r-release-linux-x86_64 2.0 OK
r-release-windows-ix86+x86_64 2.0 2.00 10.00 12.00 ERROR
r-release-osx-x86_64 2.0 OK
r-oldrel-windows-ix86+x86_64 2.0 11.00 168.00 179.00 OK
r-oldrel-osx-x86_64 2.0 OK

Check Details

Version: 2.0
Check: whether package can be installed
Result: ERROR
    Installation failed.
Flavor: r-release-windows-ix86+x86_64