CRAN Package Check Results for Package ClustVarLV

Last updated on 2018-10-19 11:48:02 CEST.

Flavor Version Tinstall Tcheck Ttotal Status Flags
r-devel-linux-x86_64-debian-clang 1.5.1 23.06 60.64 83.70 OK
r-devel-linux-x86_64-debian-gcc 1.5.1 18.85 48.04 66.89 OK
r-devel-linux-x86_64-fedora-clang 1.5.1 108.00 NOTE
r-devel-linux-x86_64-fedora-gcc 1.5.1 99.48 NOTE
r-devel-windows-ix86+x86_64 1.5.1 57.00 81.00 138.00 OK
r-patched-linux-x86_64 1.5.1 24.15 57.17 81.32 OK
r-patched-solaris-x86 1.5.1 114.60 OK
r-release-linux-x86_64 1.5.1 23.77 57.58 81.35 OK
r-release-windows-ix86+x86_64 1.5.1 45.00 117.00 162.00 OK
r-release-osx-x86_64 1.5.1 OK
r-oldrel-windows-ix86+x86_64 1.5.1 40.00 115.00 155.00 OK
r-oldrel-osx-x86_64 1.5.1 OK

Check Details

Version: 1.5.1
Check: compiled code
Result: NOTE
    File ‘ClustVarLV/libs/ClustVarLV.so’:
     Found no calls to: ‘R_registerRoutines’, ‘R_useDynamicSymbols’
    
    It is good practice to register native routines and to disable symbol
    search.
    
    See ‘Writing portable packages’ in the ‘Writing R Extensions’ manual.
Flavors: r-devel-linux-x86_64-fedora-clang, r-devel-linux-x86_64-fedora-gcc