CRAN Package Check Results for Package ClustVarLV

Last updated on 2018-08-15 18:47:49 CEST.

Flavor Version Tinstall Tcheck Ttotal Status Flags
r-devel-linux-x86_64-debian-clang 1.5.1 22.28 60.56 82.84 NOTE
r-devel-linux-x86_64-debian-gcc 1.5.1 18.74 46.59 65.33 NOTE
r-devel-linux-x86_64-fedora-clang 1.5.1 103.64 NOTE
r-devel-linux-x86_64-fedora-gcc 1.5.1 98.08 NOTE
r-devel-windows-ix86+x86_64 1.5.1 44.00 90.00 134.00 OK
r-patched-linux-x86_64 1.5.1 21.49 57.12 78.61 NOTE
r-patched-solaris-x86 1.5.1 116.70 OK
r-release-linux-x86_64 1.5.1 23.04 57.77 80.81 NOTE
r-release-windows-ix86+x86_64 1.5.1 56.00 119.00 175.00 OK
r-release-osx-x86_64 1.5.1 OK
r-oldrel-windows-ix86+x86_64 1.5.1 48.00 101.00 149.00 OK
r-oldrel-osx-x86_64 1.5.1 OK

Check Details

Version: 1.5.1
Check: compiled code
Result: NOTE
    File ‘ClustVarLV/libs/ClustVarLV.so’:
     Found no calls to: ‘R_registerRoutines’, ‘R_useDynamicSymbols’
    
    It is good practice to register native routines and to disable symbol
    search.
    
    See ‘Writing portable packages’ in the ‘Writing R Extensions’ manual.
Flavors: r-devel-linux-x86_64-debian-clang, r-devel-linux-x86_64-debian-gcc, r-devel-linux-x86_64-fedora-clang, r-devel-linux-x86_64-fedora-gcc, r-patched-linux-x86_64, r-release-linux-x86_64