CRAN Package Check Results for Package ClustVarLV

Last updated on 2018-02-21 05:48:28 CET.

Flavor Version Tinstall Tcheck Ttotal Status Flags
r-devel-linux-x86_64-debian-clang 1.5.1 20.55 61.80 82.35 NOTE
r-devel-linux-x86_64-debian-gcc 1.5.1 13.82 45.04 58.86 NOTE
r-devel-linux-x86_64-fedora-clang 1.5.1 100.66 NOTE
r-devel-linux-x86_64-fedora-gcc 1.5.1 91.84 NOTE
r-devel-windows-ix86+x86_64 1.5.1 41.00 80.00 121.00 OK
r-patched-linux-x86_64 1.5.1 14.35 56.68 71.03 NOTE
r-patched-solaris-x86 1.5.1 97.50 OK
r-release-linux-x86_64 1.5.1 16.22 58.86 75.08 NOTE
r-release-windows-ix86+x86_64 1.5.1 61.00 103.00 164.00 OK
r-release-osx-x86_64 1.5.1 OK
r-oldrel-windows-ix86+x86_64 1.5.1 57.00 90.00 147.00 OK
r-oldrel-osx-x86_64 1.5.1 OK

Check Details

Version: 1.5.1
Check: compiled code
Result: NOTE
    File ‘ClustVarLV/libs/ClustVarLV.so’:
     Found no calls to: ‘R_registerRoutines’, ‘R_useDynamicSymbols’
    
    It is good practice to register native routines and to disable symbol
    search.
    
    See ‘Writing portable packages’ in the ‘Writing R Extensions’ manual.
Flavors: r-devel-linux-x86_64-debian-clang, r-devel-linux-x86_64-debian-gcc, r-devel-linux-x86_64-fedora-clang, r-devel-linux-x86_64-fedora-gcc, r-patched-linux-x86_64, r-release-linux-x86_64