CRAN Package Check Results for Package ClustVarLV

Last updated on 2018-05-26 00:46:26 CEST.

Flavor Version Tinstall Tcheck Ttotal Status Flags
r-devel-linux-x86_64-debian-clang 1.5.1 22.02 61.74 83.76 NOTE
r-devel-linux-x86_64-debian-gcc 1.5.1 17.59 45.41 63.00 NOTE
r-devel-linux-x86_64-fedora-clang 1.5.1 102.64 NOTE
r-devel-linux-x86_64-fedora-gcc 1.5.1 94.45 NOTE
r-devel-windows-ix86+x86_64 1.5.1 43.00 123.00 166.00 OK
r-patched-linux-x86_64 1.5.1 22.54 59.03 81.57 NOTE
r-patched-solaris-x86 1.5.1 115.90 OK
r-release-linux-x86_64 1.5.1 20.55 56.37 76.92 NOTE
r-release-windows-ix86+x86_64 1.5.1 57.00 115.00 172.00 OK
r-release-osx-x86_64 1.5.1 OK
r-oldrel-windows-ix86+x86_64 1.5.1 57.00 76.00 133.00 OK
r-oldrel-osx-x86_64 1.5.1 OK

Check Details

Version: 1.5.1
Check: compiled code
Result: NOTE
    File ‘ClustVarLV/libs/ClustVarLV.so’:
     Found no calls to: ‘R_registerRoutines’, ‘R_useDynamicSymbols’
    
    It is good practice to register native routines and to disable symbol
    search.
    
    See ‘Writing portable packages’ in the ‘Writing R Extensions’ manual.
Flavors: r-devel-linux-x86_64-debian-clang, r-devel-linux-x86_64-debian-gcc, r-devel-linux-x86_64-fedora-clang, r-devel-linux-x86_64-fedora-gcc, r-patched-linux-x86_64, r-release-linux-x86_64