CRAN Package Check Results for Package Cluster.OBeu

Last updated on 2018-06-20 17:48:28 CEST.

Flavor Version Tinstall Tcheck Ttotal Status Flags
r-devel-linux-x86_64-debian-clang 1.2.1 3.03 43.14 46.17 OK
r-devel-linux-x86_64-debian-gcc 1.2.1 2.14 34.12 36.26 OK
r-devel-linux-x86_64-fedora-clang 1.2.1 53.47 NOTE
r-devel-linux-x86_64-fedora-gcc 1.2.1 50.67 NOTE
r-devel-windows-ix86+x86_64 1.2.1 12.00 94.00 106.00 OK
r-patched-linux-x86_64 1.2.1 2.65 38.49 41.14 OK
r-patched-solaris-x86 1.2.1 76.00 NOTE
r-release-linux-x86_64 1.2.1 2.46 38.13 40.59 OK
r-release-windows-ix86+x86_64 1.2.1 6.00 64.00 70.00 OK
r-release-osx-x86_64 1.2.1 NOTE
r-oldrel-windows-ix86+x86_64 1.2.1 6.00 69.00 75.00 OK
r-oldrel-osx-x86_64 1.2.1 NOTE

Check Details

Version: 1.2.1
Check: dependencies in R code
Result: NOTE
    Namespace in Imports field not imported from: ‘tibble’
     All declared Imports should be used.
Flavors: r-devel-linux-x86_64-fedora-clang, r-devel-linux-x86_64-fedora-gcc, r-patched-solaris-x86, r-release-osx-x86_64, r-oldrel-osx-x86_64