CRAN Package Check Results for Package Cluster.OBeu

Last updated on 2018-12-18 14:47:13 CET.

Flavor Version Tinstall Tcheck Ttotal Status Flags
r-devel-linux-x86_64-debian-clang 1.2.1 2.62 41.50 44.12 OK
r-devel-linux-x86_64-debian-gcc 1.2.1 2.40 32.29 34.69 OK
r-devel-linux-x86_64-fedora-clang 1.2.1 50.97 NOTE
r-devel-linux-x86_64-fedora-gcc 1.2.1 49.07 NOTE
r-devel-windows-ix86+x86_64 1.2.1 7.00 78.00 85.00 OK
r-patched-linux-x86_64 1.2.1 2.01 38.46 40.47 OK
r-patched-solaris-x86 1.2.1 78.50 NOTE
r-release-linux-x86_64 1.2.1 2.51 38.82 41.33 OK
r-release-windows-ix86+x86_64 1.2.1 9.00 77.00 86.00 OK
r-release-osx-x86_64 1.2.1 NOTE
r-oldrel-windows-ix86+x86_64 1.2.1 12.00 81.00 93.00 OK
r-oldrel-osx-x86_64 1.2.1 NOTE

Check Details

Version: 1.2.1
Check: dependencies in R code
Result: NOTE
    Namespace in Imports field not imported from: ‘tibble’
     All declared Imports should be used.
Flavors: r-devel-linux-x86_64-fedora-clang, r-devel-linux-x86_64-fedora-gcc, r-patched-solaris-x86, r-release-osx-x86_64, r-oldrel-osx-x86_64