CRAN Package Check Results for Package ClusterR

Last updated on 2018-11-13 01:46:15 CET.

Flavor Version Tinstall Tcheck Ttotal Status Flags
r-devel-linux-x86_64-debian-clang 1.1.6 65.66 242.84 308.50 OK
r-devel-linux-x86_64-debian-gcc 1.1.6 54.85 182.02 236.87 OK
r-devel-linux-x86_64-fedora-clang 1.1.6 363.79 NOTE
r-devel-linux-x86_64-fedora-gcc 1.1.6 351.38 OK
r-devel-windows-ix86+x86_64 1.1.6 104.00 288.00 392.00 OK
r-patched-linux-x86_64 1.1.6 64.15 212.30 276.45 OK
r-patched-solaris-x86 1.1.6 473.00 WARN
r-release-linux-x86_64 1.1.6 61.11 209.78 270.89 OK
r-release-windows-ix86+x86_64 1.1.6 124.00 385.00 509.00 OK
r-release-osx-x86_64 1.1.6 NOTE
r-oldrel-windows-ix86+x86_64 1.1.6 138.00 384.00 522.00 OK
r-oldrel-osx-x86_64 1.1.6 NOTE

Additional issues

clang-UBSAN

Check Details

Version: 1.1.6
Check: installed package size
Result: NOTE
     installed size is 7.4Mb
     sub-directories of 1Mb or more:
     libs 6.2Mb
Flavors: r-devel-linux-x86_64-fedora-clang, r-release-osx-x86_64, r-oldrel-osx-x86_64

Version: 1.1.6
Check: re-building of vignette outputs
Result: WARN
    Error in re-building vignettes:
     ...
    Warning in engine$weave(file, quiet = quiet, encoding = enc) :
     Pandoc (>= 1.12.3) and/or pandoc-citeproc not available. Falling back to R Markdown v1.
    Quitting from lines 404-417 (the_clusterR_package.Rmd)
    Error: processing vignette 'the_clusterR_package.Rmd' failed with diagnostics:
    std::bad_alloc
    Execution halted
Flavor: r-patched-solaris-x86