CRAN Package Check Results for Package ClusterR

Last updated on 2018-05-26 10:49:08 CEST.

Flavor Version Tinstall Tcheck Ttotal Status Flags
r-devel-linux-x86_64-debian-clang 1.1.2 68.84 218.08 286.92 OK
r-devel-linux-x86_64-debian-gcc 1.1.2 56.11 163.22 219.33 OK
r-devel-linux-x86_64-fedora-clang 1.1.2 353.00 NOTE
r-devel-linux-x86_64-fedora-gcc 1.1.2 336.48 NOTE
r-devel-windows-ix86+x86_64 1.1.2 123.00 255.00 378.00 OK
r-patched-linux-x86_64 1.1.2 56.20 191.92 248.12 OK
r-patched-solaris-x86 1.1.2 611.90 WARN
r-release-linux-x86_64 1.1.2 56.92 196.82 253.74 OK
r-release-windows-ix86+x86_64 1.1.2 156.00 332.00 488.00 OK
r-release-osx-x86_64 1.1.2 NOTE
r-oldrel-windows-ix86+x86_64 1.1.2 156.00 237.00 393.00 OK
r-oldrel-osx-x86_64 1.1.1 NOTE

Check Details

Version: 1.1.2
Check: installed package size
Result: NOTE
     installed size is 6.7Mb
     sub-directories of 1Mb or more:
     libs 5.6Mb
Flavors: r-devel-linux-x86_64-fedora-clang, r-devel-linux-x86_64-fedora-gcc, r-release-osx-x86_64

Version: 1.1.2
Check: re-building of vignette outputs
Result: WARN
    Error in re-building vignettes:
     ...
    Warning in engine$weave(file, quiet = quiet, encoding = enc) :
     Pandoc (>= 1.12.3) and/or pandoc-citeproc not available. Falling back to R Markdown v1.
    Quitting from lines 473-485 (the_clusterR_package.Rmd)
    Error: processing vignette 'the_clusterR_package.Rmd' failed with diagnostics:
    std::bad_alloc
    Execution halted
Flavor: r-patched-solaris-x86

Version: 1.1.1
Check: installed package size
Result: NOTE
     installed size is 6.3Mb
     sub-directories of 1Mb or more:
     libs 5.3Mb
Flavor: r-oldrel-osx-x86_64