CRAN Package Check Results for Package ClusterR

Last updated on 2018-02-21 05:48:28 CET.

Flavor Version Tinstall Tcheck Ttotal Status Flags
r-devel-linux-x86_64-debian-clang 1.1.0 65.14 211.26 276.40 OK
r-devel-linux-x86_64-debian-gcc 1.1.0 52.79 153.65 206.44 OK
r-devel-linux-x86_64-fedora-clang 1.1.0 333.92 NOTE
r-devel-linux-x86_64-fedora-gcc 1.1.0 327.59 NOTE
r-devel-windows-ix86+x86_64 1.1.0 109.00 234.00 343.00 OK
r-patched-linux-x86_64 1.1.0 62.37 197.74 260.11 OK
r-patched-solaris-x86 1.1.0 497.10 WARN
r-release-linux-x86_64 1.1.0 60.31 205.42 265.73 OK
r-release-windows-ix86+x86_64 1.1.0 155.00 332.00 487.00 OK
r-release-osx-x86_64 1.1.0 NOTE
r-oldrel-windows-ix86+x86_64 1.1.0 159.00 309.00 468.00 OK
r-oldrel-osx-x86_64 1.0.9 NOTE

Check Details

Version: 1.1.0
Check: installed package size
Result: NOTE
     installed size is 6.6Mb
     sub-directories of 1Mb or more:
     libs 5.6Mb
Flavors: r-devel-linux-x86_64-fedora-clang, r-devel-linux-x86_64-fedora-gcc, r-release-osx-x86_64

Version: 1.1.0
Check: re-building of vignette outputs
Result: WARN
    Error in re-building vignettes:
     ...
    Warning in engine$weave(file, quiet = quiet, encoding = enc) :
     Pandoc (>= 1.12.3) and/or pandoc-citeproc not available. Falling back to R Markdown v1.
    
    error: arma::memory::acquire(): out of memory
    Quitting from lines 404-417 (the_clusterR_package.Rmd)
    Error: processing vignette 'the_clusterR_package.Rmd' failed with diagnostics:
    std::bad_alloc
    Execution halted
Flavor: r-patched-solaris-x86

Version: 1.0.9
Check: installed package size
Result: NOTE
     installed size is 6.5Mb
     sub-directories of 1Mb or more:
     libs 5.5Mb
Flavor: r-oldrel-osx-x86_64