CRAN Package Check Results for Package ClusterR

Last updated on 2019-02-18 05:49:15 CET.

Flavor Version Tinstall Tcheck Ttotal Status Flags
r-devel-linux-x86_64-debian-clang 1.1.8 61.40 224.01 285.41 OK
r-devel-linux-x86_64-debian-gcc 1.1.8 49.41 168.95 218.36 OK
r-devel-linux-x86_64-fedora-clang 1.1.8 356.37 NOTE
r-devel-linux-x86_64-fedora-gcc 1.1.8 329.97 OK
r-devel-windows-ix86+x86_64 1.1.8 135.00 350.00 485.00 WARN
r-patched-linux-x86_64 1.1.8 55.63 206.80 262.43 OK
r-patched-solaris-x86 1.1.8 499.90 WARN
r-release-linux-x86_64 1.1.8 OK
r-release-windows-ix86+x86_64 1.1.8 104.00 260.00 364.00 WARN
r-release-osx-x86_64 1.1.8 NOTE
r-oldrel-windows-ix86+x86_64 1.1.8 144.00 295.00 439.00 OK
r-oldrel-osx-x86_64 1.1.8 NOTE

Check Details

Version: 1.1.8
Check: installed package size
Result: NOTE
     installed size is 7.2Mb
     sub-directories of 1Mb or more:
     libs 6.0Mb
Flavors: r-devel-linux-x86_64-fedora-clang, r-release-osx-x86_64, r-oldrel-osx-x86_64

Version: 1.1.8
Check: whether package can be installed
Result: WARN
    Found the following significant warnings:
     Warning: S3 methods '[.fun_list', '[.grouped_df', 'all.equal.tbl_df', 'anti_join.data.frame', 'anti_join.tbl_df', 'arrange.data.frame', 'arrange.default', 'arrange.grouped_df', 'arrange.tbl_df', 'arrange_.data.frame', 'arrange_.tbl_df', 'as.data.frame.grouped_df', 'as.data.frame.rowwise_df', 'as.data.frame.tbl_cube', 'as.table.tbl_cube', 'as.tbl.data.frame', 'as.tbl.tbl', 'as.tbl_cube.array', 'as.tbl_cube.data.frame', 'as.tbl_cube.matrix', 'as.tbl_cube.table', 'as_tibble.grouped_df', 'as_tibble.tbl_cube', 'auto_copy.tbl_cube', 'auto_copy.tbl_df', 'cbind.grouped_df', 'collapse.data.frame', 'collect.data.frame', 'common_by.NULL', 'common_by.character', 'common_by.default', 'common_by.list', 'compute.data.frame', 'copy_to.DBIConnection', 'copy_to.src_local', 'default_missing.data.frame', 'default_missing.default', 'dim.tbl_cube', 'distinct.data.frame', 'distinct.default', 'distinct.grouped_df', 'distinct.tbl_df', 'distinct_.data.frame', 'distinct_.grouped_df', 'distinct_.tbl_df', 'do.NULL', 'do.da [... truncated]
Flavors: r-devel-windows-ix86+x86_64, r-release-windows-ix86+x86_64

Version: 1.1.8
Check: re-building of vignette outputs
Result: WARN
    Error in re-building vignettes:
     ...
    Warning in engine$weave(file, quiet = quiet, encoding = enc) :
     Pandoc (>= 1.12.3) and/or pandoc-citeproc not available. Falling back to R Markdown v1.
    Quitting from lines 404-417 (the_clusterR_package.Rmd)
    Error: processing vignette 'the_clusterR_package.Rmd' failed with diagnostics:
    std::bad_alloc
    Execution halted
Flavor: r-patched-solaris-x86