CRAN Package Check Results for Package ClusterR

Last updated on 2018-08-20 11:48:34 CEST.

Flavor Version Tinstall Tcheck Ttotal Status Flags
r-devel-linux-x86_64-debian-clang 1.1.3 62.77 235.45 298.22 OK
r-devel-linux-x86_64-debian-gcc 1.1.3 60.99 180.62 241.61 OK
r-devel-linux-x86_64-fedora-clang 1.1.3 361.31 NOTE
r-devel-linux-x86_64-fedora-gcc 1.1.3 359.52 OK
r-devel-windows-ix86+x86_64 1.1.3 160.00 397.00 557.00 OK
r-patched-linux-x86_64 1.1.3 68.91 205.44 274.35 OK
r-patched-solaris-x86 1.1.3 632.80 WARN
r-release-linux-x86_64 1.1.3 70.07 205.64 275.71 OK
r-release-windows-ix86+x86_64 1.1.3 169.00 392.00 561.00 OK
r-release-osx-x86_64 1.1.3 NOTE
r-oldrel-windows-ix86+x86_64 1.1.3 110.00 290.00 400.00 OK
r-oldrel-osx-x86_64 1.1.3 NOTE

Additional issues

rchk

Check Details

Version: 1.1.3
Check: installed package size
Result: NOTE
     installed size is 6.9Mb
     sub-directories of 1Mb or more:
     libs 5.8Mb
Flavors: r-devel-linux-x86_64-fedora-clang, r-release-osx-x86_64, r-oldrel-osx-x86_64

Version: 1.1.3
Check: re-building of vignette outputs
Result: WARN
    Error in re-building vignettes:
     ...
    Warning in engine$weave(file, quiet = quiet, encoding = enc) :
     Pandoc (>= 1.12.3) and/or pandoc-citeproc not available. Falling back to R Markdown v1.
    Quitting from lines 473-485 (the_clusterR_package.Rmd)
    Error: processing vignette 'the_clusterR_package.Rmd' failed with diagnostics:
    std::bad_alloc
    Execution halted
Flavor: r-patched-solaris-x86