CRAN Package Check Results for Package CoDiNA

Last updated on 2019-01-24 11:52:06 CET.

Flavor Version Tinstall Tcheck Ttotal Status Flags
r-devel-linux-x86_64-debian-clang 1.1 2.65 110.65 113.30 OK
r-devel-linux-x86_64-debian-gcc 1.1 2.65 77.33 79.98 OK
r-devel-linux-x86_64-fedora-clang 1.1 128.87 NOTE
r-devel-linux-x86_64-fedora-gcc 1.1 112.26 NOTE
r-devel-windows-ix86+x86_64 1.1 8.00 108.00 116.00 OK
r-patched-linux-x86_64 1.1 3.07 105.86 108.93 OK
r-patched-solaris-x86 1.1 175.00 WARN
r-release-linux-x86_64 1.1 2.68 105.04 107.72 OK
r-release-windows-ix86+x86_64 1.1 6.00 159.00 165.00 OK
r-release-osx-x86_64 1.1 WARN
r-oldrel-windows-ix86+x86_64 1.1 6.00 115.00 121.00 OK
r-oldrel-osx-x86_64 1.1 WARN

Check Details

Version: 1.1
Check: dependencies in R code
Result: NOTE
    Namespace in Imports field not imported from: ‘parallel’
     All declared Imports should be used.
Flavors: r-devel-linux-x86_64-fedora-clang, r-devel-linux-x86_64-fedora-gcc, r-patched-solaris-x86, r-release-osx-x86_64, r-oldrel-osx-x86_64

Version: 1.1
Check: re-building of vignette outputs
Result: WARN
    Error in re-building vignettes:
     ...
    Warning in engine$weave(file, quiet = quiet, encoding = enc) :
     Pandoc (>= 1.12.3) and/or pandoc-citeproc not available. Falling back to R Markdown v1.
    Quitting from lines 100-105 (Running-CoDiNA.Rmd)
    Error: processing vignette 'Running-CoDiNA.Rmd' failed with diagnostics:
    Saving a widget with selfcontained = TRUE requires pandoc. For details see:
    https://github.com/rstudio/rmarkdown/blob/master/PANDOC.md
    Execution halted
Flavors: r-patched-solaris-x86, r-release-osx-x86_64, r-oldrel-osx-x86_64