CRAN Package Check Results for Package CoDiNA

Last updated on 2018-05-26 12:48:04 CEST.

Flavor Version Tinstall Tcheck Ttotal Status Flags
r-devel-linux-x86_64-debian-clang 1.0.0 6.00 40.74 46.74 OK
r-devel-linux-x86_64-debian-gcc 1.0.0 4.98 32.50 37.48 OK
r-devel-linux-x86_64-fedora-clang 1.0.0 56.86 NOTE
r-devel-linux-x86_64-fedora-gcc 1.0.0 55.76 NOTE
r-devel-windows-ix86+x86_64 1.0.0 8.00 55.00 63.00 OK
r-patched-linux-x86_64 1.0.0 5.66 37.35 43.01 OK
r-patched-solaris-x86 1.0.0 91.90 NOTE
r-release-linux-x86_64 1.0.0 6.09 37.48 43.57 OK
r-release-windows-ix86+x86_64 1.0.0 11.00 67.00 78.00 OK
r-release-osx-x86_64 1.0.0 NOTE
r-oldrel-windows-ix86+x86_64 1.0.0 11.00 47.00 58.00 OK
r-oldrel-osx-x86_64 1.0.0 NOTE

Check Details

Version: 1.0.0
Check: dependencies in R code
Result: NOTE
    Namespaces in Imports field not imported from:
     ‘geometry’ ‘parallel’ ‘plot3D’ ‘reshape2’
     All declared Imports should be used.
Flavors: r-devel-linux-x86_64-fedora-clang, r-devel-linux-x86_64-fedora-gcc, r-patched-solaris-x86, r-release-osx-x86_64, r-oldrel-osx-x86_64