CRAN Package Check Results for Package CoDiNA

Last updated on 2018-02-22 04:48:21 CET.

Flavor Version Tinstall Tcheck Ttotal Status Flags
r-devel-linux-x86_64-debian-clang 1.0.0 4.95 33.73 38.68 OK
r-devel-linux-x86_64-debian-gcc 1.0.0 5.09 29.76 34.85 OK
r-devel-linux-x86_64-fedora-clang 1.0.0 53.22 NOTE
r-devel-linux-x86_64-fedora-gcc 1.0.0 51.78 NOTE
r-devel-windows-ix86+x86_64 1.0.0 12.00 53.00 65.00 OK
r-patched-linux-x86_64 1.0.0 4.38 40.11 44.49 OK
r-patched-solaris-x86 1.0.0 82.00 NOTE
r-release-linux-x86_64 1.0.0 4.48 40.17 44.65 OK
r-release-windows-ix86+x86_64 1.0.0 10.00 70.00 80.00 OK
r-release-osx-x86_64 1.0.0 NOTE
r-oldrel-windows-ix86+x86_64 1.0.0 8.00 48.00 56.00 OK

Check Details

Version: 1.0.0
Check: dependencies in R code
Result: NOTE
    Namespaces in Imports field not imported from:
     ‘geometry’ ‘parallel’ ‘plot3D’ ‘reshape2’
     All declared Imports should be used.
Flavors: r-devel-linux-x86_64-fedora-clang, r-devel-linux-x86_64-fedora-gcc, r-patched-solaris-x86, r-release-osx-x86_64