CRAN Package Check Results for Package CodeDepends

Last updated on 2021-04-11 18:47:26 CEST.

Flavor Version Tinstall Tcheck Ttotal Status Flags
r-devel-linux-x86_64-debian-clang 0.6.5 12.04 84.44 96.48 NOTE
r-devel-linux-x86_64-debian-gcc 0.6.5 10.07 65.31 75.38 NOTE
r-devel-linux-x86_64-fedora-clang 0.6.5 123.35 NOTE
r-devel-linux-x86_64-fedora-gcc 0.6.5 111.71 NOTE
r-devel-windows-ix86+x86_64 0.6.5 23.00 83.00 106.00 OK
r-devel-windows-x86_64-gcc10-UCRT 0.6.5 ERROR
r-patched-linux-x86_64 0.6.5 9.08 79.69 88.77 NOTE
r-patched-solaris-x86 0.6.5 168.10 NOTE
r-release-linux-x86_64 0.6.5 10.81 79.36 90.17 NOTE
r-release-macos-x86_64 0.6.5 OK
r-release-windows-ix86+x86_64 0.6.5 19.00 107.00 126.00 OK
r-oldrel-macos-x86_64 0.6.5 OK
r-oldrel-windows-ix86+x86_64 0.6.5 28.00 102.00 130.00 OK

Check Details

Version: 0.6.5
Check: for non-standard things in the check directory
Result: NOTE
    Found the following files/directories:
     'foo.R' 'foo.html'
Flavors: r-devel-linux-x86_64-debian-clang, r-devel-linux-x86_64-debian-gcc, r-devel-linux-x86_64-fedora-clang, r-devel-linux-x86_64-fedora-gcc, r-patched-linux-x86_64, r-patched-solaris-x86, r-release-linux-x86_64

Version: 0.6.5
Check: package dependencies
Result: NOTE
    Package suggested but not available for checking: 'Rgraphviz'
Flavor: r-devel-windows-x86_64-gcc10-UCRT

Version: 0.6.5
Check: tests
Result: ERROR
     Running 'draw.R'
    Running the tests in 'tests/draw.R' failed.
    Complete output:
     > library(CodeDepends)
     > library(Rgraphviz)
     Error in library(Rgraphviz) : there is no package called 'Rgraphviz'
     Execution halted
Flavor: r-devel-windows-x86_64-gcc10-UCRT