CRAN Package Check Results for Package CommonJavaJars

Last updated on 2024-07-14 05:53:28 CEST.

Flavor Version Tinstall Tcheck Ttotal Status Flags
r-devel-linux-x86_64-debian-clang 1.1-0 1.91 27.62 29.53 OK
r-devel-linux-x86_64-debian-gcc 1.1-0 2.02 21.77 23.79 OK
r-devel-linux-x86_64-fedora-clang 1.1-0 39.35 NOTE
r-devel-linux-x86_64-fedora-gcc 1.1-0 49.31 OK
r-devel-windows-x86_64 1.1-0 4.00 53.00 57.00 NOTE
r-patched-linux-x86_64 1.1-0 1.87 26.98 28.85 OK
r-release-linux-x86_64 1.1-0 2.80 26.60 29.40 OK
r-release-macos-arm64 1.1-0 23.00 NOTE
r-release-macos-x86_64 1.1-0 35.00 WARN
r-release-windows-x86_64 1.1-0 3.00 53.00 56.00 NOTE
r-oldrel-macos-arm64 1.1-0 52.00 NOTE
r-oldrel-macos-x86_64 1.1-0 86.00 NOTE
r-oldrel-windows-x86_64 1.1-0 4.00 52.00 56.00 NOTE

Check Details

Version: 1.1-0
Check: installed package size
Result: NOTE installed size is 7.0Mb sub-directories of 1Mb or more: java 6.7Mb Flavors: r-devel-linux-x86_64-fedora-clang, r-devel-windows-x86_64, r-release-macos-arm64, r-release-macos-x86_64, r-release-windows-x86_64, r-oldrel-macos-arm64, r-oldrel-macos-x86_64, r-oldrel-windows-x86_64

Version: 1.1-0
Check: re-building of vignette outputs
Result: WARN Error(s) in re-building vignettes: ... --- re-building ‘CommonJavaJars.Rnw’ using knitr Error: processing vignette 'CommonJavaJars.Rnw' failed with diagnostics: Running 'texi2dvi' on 'CommonJavaJars.tex' failed. LaTeX errors: ! Undefined control sequence. l.89 \hlkwd{.jpackage}\hldef {(}\hlsng{"CommonJavaJars"}\hldef{,} \hlkwc{jars... ? ! Emergency stop. l.89 End of file on the terminal! ! ==> Fatal error occurred, no output PDF file produced! --- failed re-building ‘CommonJavaJars.Rnw’ SUMMARY: processing the following file failed: ‘CommonJavaJars.Rnw’ Error: Vignette re-building failed. Execution halted Flavor: r-release-macos-x86_64