CRAN Package Check Results for Package CompAREdesign

Last updated on 2021-05-13 22:50:55 CEST.

Flavor Version Tinstall Tcheck Ttotal Status Flags
r-devel-linux-x86_64-debian-clang 1.7 10.59 96.41 107.00 NOTE
r-devel-linux-x86_64-debian-gcc 1.7 9.92 71.53 81.45 NOTE
r-devel-linux-x86_64-fedora-clang 1.7 145.86 NOTE
r-devel-linux-x86_64-fedora-gcc 1.7 125.36 NOTE
r-devel-windows-ix86+x86_64 1.7 28.00 112.00 140.00 NOTE
r-devel-windows-x86_64-gcc10-UCRT 1.7 NOTE
r-patched-linux-x86_64 1.7 9.89 90.47 100.36 NOTE
r-patched-solaris-x86 1.7 188.40 NOTE
r-release-linux-x86_64 1.7 12.15 86.44 98.59 OK
r-release-macos-x86_64 1.7 OK
r-release-windows-ix86+x86_64 1.7 22.00 119.00 141.00 OK
r-oldrel-macos-x86_64 1.7 OK
r-oldrel-windows-ix86+x86_64 1.7 24.00 101.00 125.00 OK

Check Details

Version: 1.7
Check: LazyData
Result: NOTE
     'LazyData' is specified without a 'data' directory
Flavors: r-devel-linux-x86_64-debian-clang, r-devel-linux-x86_64-debian-gcc, r-devel-linux-x86_64-fedora-clang, r-devel-linux-x86_64-fedora-gcc, r-devel-windows-ix86+x86_64, r-devel-windows-x86_64-gcc10-UCRT, r-patched-linux-x86_64, r-patched-solaris-x86